Last updated on 2024-05-01 16:53:05 CEST.
Flavor | Version | Tinstall | Tcheck | Ttotal | Status | Flags |
---|---|---|---|---|---|---|
r-devel-linux-x86_64-debian-clang | 0.1 | 4.24 | 48.08 | 52.32 | NOTE | |
r-devel-linux-x86_64-debian-gcc | 0.1 | 2.63 | 35.82 | 38.45 | NOTE | |
r-devel-linux-x86_64-fedora-clang | 0.1 | 65.43 | NOTE | |||
r-devel-linux-x86_64-fedora-gcc | 0.1 | 89.28 | NOTE | |||
r-devel-windows-x86_64 | 0.1 | 5.00 | 59.00 | 64.00 | NOTE | |
r-patched-linux-x86_64 | 0.1 | 4.76 | 44.16 | 48.92 | NOTE | |
r-release-linux-x86_64 | 0.1 | 3.41 | 44.96 | 48.37 | NOTE | |
r-release-macos-arm64 | 0.1 | 39.00 | NOTE | |||
r-release-windows-x86_64 | 0.1 | 6.00 | 58.00 | 64.00 | NOTE | |
r-oldrel-macos-arm64 | 0.1 | 37.00 | NOTE | |||
r-oldrel-macos-x86_64 | 0.1 | 72.00 | NOTE | |||
r-oldrel-windows-x86_64 | 0.1 | 7.00 | 61.00 | 68.00 | NOTE |
Version: 0.1
Check: package subdirectories
Result: NOTE
Problems with news in ‘NEWS.md’:
No news entries found.
Flavors: r-devel-linux-x86_64-debian-clang, r-devel-linux-x86_64-debian-gcc, r-devel-linux-x86_64-fedora-clang, r-devel-linux-x86_64-fedora-gcc, r-devel-windows-x86_64, r-patched-linux-x86_64, r-release-linux-x86_64, r-release-macos-arm64, r-release-windows-x86_64, r-oldrel-macos-arm64, r-oldrel-macos-x86_64, r-oldrel-windows-x86_64
Version: 0.1
Check: LazyData
Result: NOTE
'LazyData' is specified without a 'data' directory
Flavors: r-devel-linux-x86_64-debian-clang, r-devel-linux-x86_64-debian-gcc, r-devel-linux-x86_64-fedora-clang, r-devel-linux-x86_64-fedora-gcc, r-devel-windows-x86_64, r-patched-linux-x86_64, r-release-linux-x86_64, r-release-macos-arm64, r-release-windows-x86_64, r-oldrel-macos-arm64, r-oldrel-macos-x86_64, r-oldrel-windows-x86_64
Version: 0.1
Check: dependencies in R code
Result: NOTE
Namespace in Imports field not imported from: ‘dplyr’
All declared Imports should be used.
Flavors: r-devel-linux-x86_64-fedora-clang, r-devel-linux-x86_64-fedora-gcc