Last updated on 2024-04-21 13:55:41 CEST.
Flavor | Version | Tinstall | Tcheck | Ttotal | Status | Flags |
---|---|---|---|---|---|---|
r-devel-linux-x86_64-debian-clang | 2.0.0 | 2.05 | 30.90 | 32.95 | NOTE | |
r-devel-linux-x86_64-debian-gcc | 2.0.0 | 1.99 | 24.02 | 26.01 | NOTE | |
r-devel-linux-x86_64-fedora-clang | 2.0.0 | 43.67 | NOTE | |||
r-devel-linux-x86_64-fedora-gcc | 2.0.0 | 40.69 | NOTE | |||
r-prerel-macos-arm64 | 2.0.0 | 18.00 | NOTE | |||
r-prerel-windows-x86_64 | 2.0.0 | 4.00 | 45.00 | 49.00 | NOTE | |
r-patched-linux-x86_64 | 2.0.0 | 2.65 | 29.99 | 32.64 | NOTE | |
r-release-linux-x86_64 | 2.0.0 | 2.63 | 30.21 | 32.84 | OK | |
r-release-macos-arm64 | 2.0.0 | 19.00 | OK | |||
r-release-macos-x86_64 | 2.0.0 | 24.00 | OK | |||
r-release-windows-x86_64 | 2.0.0 | 4.00 | 46.00 | 50.00 | OK | |
r-oldrel-macos-arm64 | 2.0.0 | 18.00 | OK | |||
r-oldrel-windows-x86_64 | 2.0.0 | 4.00 | 50.00 | 54.00 | OK |
Version: 2.0.0
Check: Rd files
Result: NOTE
checkRd: (-1) pois.fe.robust.Rd:47: Lost braces in \itemize; meant \describe ?
checkRd: (-1) pois.fe.robust.Rd:48: Lost braces in \itemize; meant \describe ?
checkRd: (-1) pois.fe.robust.Rd:49: Lost braces in \itemize; meant \describe ?
checkRd: (-1) pois.fe.robust.Rd:50-51: Lost braces in \itemize; meant \describe ?
checkRd: (-1) pois.fe.robust.Rd:66: Lost braces in \itemize; \value handles \item{}{} directly
checkRd: (-1) pois.fe.robust.Rd:67: Lost braces in \itemize; \value handles \item{}{} directly
checkRd: (-1) pois.fe.robust.Rd:68-69: Lost braces in \itemize; \value handles \item{}{} directly
Flavors: r-devel-linux-x86_64-debian-clang, r-devel-linux-x86_64-debian-gcc, r-devel-linux-x86_64-fedora-clang, r-devel-linux-x86_64-fedora-gcc, r-prerel-macos-arm64, r-prerel-windows-x86_64, r-patched-linux-x86_64