CRAN Package Check Results for Package polAr

Last updated on 2020-11-24 12:51:36 CET.

Flavor Version Tinstall Tcheck Ttotal Status Flags
r-devel-linux-x86_64-debian-clang 0.2.0 13.23 109.73 122.96 OK
r-devel-linux-x86_64-debian-gcc 0.2.0 9.40 84.97 94.37 OK
r-devel-linux-x86_64-fedora-clang 0.2.0 148.41 NOTE
r-devel-linux-x86_64-fedora-gcc 0.2.0 138.00 NOTE
r-devel-windows-ix86+x86_64 0.2.0 21.00 149.00 170.00 OK
r-patched-linux-x86_64 0.2.0 10.24 107.24 117.48 OK
r-patched-solaris-x86 0.2.0 202.10 NOTE
r-release-linux-x86_64 0.2.0 11.33 107.95 119.28 OK
r-release-macos-x86_64 0.2.0 NOTE
r-release-windows-ix86+x86_64 0.2.0 15.00 111.00 126.00 OK
r-oldrel-macos-x86_64 0.2.0 NOTE
r-oldrel-windows-ix86+x86_64 0.2.0 11.00 104.00 115.00 OK

Check Details

Version: 0.2.0
Check: package dependencies
Result: NOTE
    Imports includes 30 non-default packages.
    Importing from so many packages makes the package vulnerable to any of
    them becoming unavailable. Move as many as possible to Suggests and
    use conditionally.
Flavor: r-devel-linux-x86_64-fedora-clang

Version: 0.2.0
Check: dependencies in R code
Result: NOTE
    Namespaces in Imports field not imported from:
     ‘formattable’ ‘rlang’
     All declared Imports should be used.
Flavors: r-devel-linux-x86_64-fedora-clang, r-devel-linux-x86_64-fedora-gcc, r-patched-solaris-x86, r-release-macos-x86_64, r-oldrel-macos-x86_64

Version: 0.2.0
Check: data for non-ASCII characters
Result: NOTE
     Note: found 144 marked UTF-8 strings
Flavors: r-devel-linux-x86_64-fedora-clang, r-devel-linux-x86_64-fedora-gcc, r-patched-solaris-x86, r-release-macos-x86_64, r-oldrel-macos-x86_64