CRAN Package Check Results for Package polaroid

Last updated on 2020-10-23 12:49:39 CEST.

Flavor Version Tinstall Tcheck Ttotal Status Flags
r-devel-linux-x86_64-debian-clang 0.0.1 3.07 29.10 32.17 OK
r-devel-linux-x86_64-debian-gcc 0.0.1 2.56 23.34 25.90 OK
r-devel-linux-x86_64-fedora-clang 0.0.1 47.70 NOTE
r-devel-linux-x86_64-fedora-gcc 0.0.1 38.70 NOTE
r-devel-windows-ix86+x86_64 0.0.1 9.00 51.00 60.00 OK
r-patched-linux-x86_64 0.0.1 3.11 28.52 31.63 OK
r-patched-solaris-x86 0.0.1 60.60 NOTE
r-release-linux-x86_64 0.0.1 2.72 28.38 31.10 OK
r-release-macos-x86_64 0.0.1 NOTE
r-release-windows-ix86+x86_64 0.0.1 20.00 37.00 57.00 OK
r-oldrel-macos-x86_64 0.0.1 NOTE
r-oldrel-windows-ix86+x86_64 0.0.1 7.00 36.00 43.00 OK

Check Details

Version: 0.0.1
Check: dependencies in R code
Result: NOTE
    Namespaces in Imports field not imported from:
     ‘argonDash’ ‘argonR’ ‘colourpicker’ ‘ggplot2’ ‘grid’ ‘hexSticker’
     ‘png’ ‘shinyWidgets’
     All declared Imports should be used.
Flavors: r-devel-linux-x86_64-fedora-clang, r-devel-linux-x86_64-fedora-gcc, r-patched-solaris-x86, r-release-macos-x86_64, r-oldrel-macos-x86_64