CRAN Package Check Results for Package polmineR

Last updated on 2025-01-19 05:49:17 CET.

Flavor Version Tinstall Tcheck Ttotal Status Flags
r-devel-linux-x86_64-debian-clang 0.8.9 24.41 260.21 284.62 OK
r-devel-linux-x86_64-debian-gcc 0.8.9 14.63 169.62 184.25 OK
r-devel-linux-x86_64-fedora-clang 0.8.9 444.86 OK
r-devel-linux-x86_64-fedora-gcc 0.8.9 406.61 OK
r-devel-windows-x86_64 0.8.9 25.00 251.00 276.00 OK
r-patched-linux-x86_64 0.8.9 24.51 220.74 245.25 OK
r-release-linux-x86_64 0.8.9 23.47 221.42 244.89 OK
r-release-macos-arm64 0.8.9 98.00 NOTE
r-release-macos-x86_64 0.8.9 171.00 NOTE
r-release-windows-x86_64 0.8.9 26.00 262.00 288.00 OK
r-oldrel-macos-arm64 0.8.9 195.00 NOTE
r-oldrel-macos-x86_64 0.8.9 266.00 NOTE
r-oldrel-windows-x86_64 0.8.9 33.00 305.00 338.00 OK

Check Details

Version: 0.8.9
Check: installed package size
Result: NOTE installed size is 5.2Mb sub-directories of 1Mb or more: R 2.1Mb extdata 1.9Mb Flavors: r-release-macos-arm64, r-release-macos-x86_64, r-oldrel-macos-arm64, r-oldrel-macos-x86_64