Last updated on 2025-01-19 05:49:17 CET.
Flavor | Version | Tinstall | Tcheck | Ttotal | Status | Flags |
---|---|---|---|---|---|---|
r-devel-linux-x86_64-debian-clang | 1.1.6 | 554.66 | 948.81 | 1503.47 | OK | |
r-devel-linux-x86_64-debian-gcc | 1.1.6 | 311.58 | 517.99 | 829.57 | OK | |
r-devel-linux-x86_64-fedora-clang | 1.1.6 | 2979.94 | OK | |||
r-devel-linux-x86_64-fedora-gcc | 1.1.6 | 2673.03 | OK | |||
r-devel-windows-x86_64 | 1.1.6 | 500.00 | 584.00 | 1084.00 | OK | |
r-patched-linux-x86_64 | 1.1.6 | 565.98 | 878.46 | 1444.44 | OK | |
r-release-linux-x86_64 | 1.1.6 | 521.50 | 895.74 | 1417.24 | OK | |
r-release-macos-arm64 | 1.1.6 | 350.00 | NOTE | |||
r-release-macos-x86_64 | 1.1.6 | 684.00 | NOTE | |||
r-release-windows-x86_64 | 1.1.6 | 530.00 | 592.00 | 1122.00 | NOTE | |
r-oldrel-macos-arm64 | 1.1.6 | 347.00 | NOTE | |||
r-oldrel-macos-x86_64 | 1.1.6 | 645.00 | NOTE | |||
r-oldrel-windows-x86_64 | 1.1.6 | 685.00 | 815.00 | 1500.00 | NOTE |
Version: 1.1.6
Check: installed package size
Result: NOTE
installed size is 13.4Mb
sub-directories of 1Mb or more:
R 7.1Mb
data 5.2Mb
Flavors: r-release-macos-arm64, r-release-macos-x86_64, r-release-windows-x86_64, r-oldrel-macos-arm64, r-oldrel-macos-x86_64, r-oldrel-windows-x86_64