Last updated on 2024-05-01 16:53:05 CEST.
Flavor | Version | Tinstall | Tcheck | Ttotal | Status | Flags |
---|---|---|---|---|---|---|
r-devel-linux-x86_64-debian-clang | 0.1.1 | 49.51 | 140.64 | 190.15 | OK | |
r-devel-linux-x86_64-debian-gcc | 0.1.1 | 33.82 | 105.00 | 138.82 | OK | |
r-devel-linux-x86_64-fedora-clang | 0.1.1 | 241.35 | NOTE | |||
r-devel-linux-x86_64-fedora-gcc | 0.1.1 | 246.19 | OK | |||
r-devel-windows-x86_64 | 0.1.1 | 37.00 | 133.00 | 170.00 | NOTE | |
r-patched-linux-x86_64 | 0.1.1 | 30.10 | 132.73 | 162.83 | OK | |
r-release-linux-x86_64 | 0.1.1 | 32.29 | 137.33 | 169.62 | OK | |
r-release-macos-arm64 | 0.1.1 | 59.00 | NOTE | |||
r-release-windows-x86_64 | 0.1.1 | 39.00 | 129.00 | 168.00 | NOTE | |
r-oldrel-macos-arm64 | 0.1.1 | 52.00 | NOTE | |||
r-oldrel-macos-x86_64 | 0.1.1 | 124.00 | NOTE | |||
r-oldrel-windows-x86_64 | 0.1.1 | 44.00 | 152.00 | 196.00 | NOTE |
Version: 0.1.1
Check: installed package size
Result: NOTE
installed size is 5.1Mb
sub-directories of 1Mb or more:
data 2.6Mb
doc 1.8Mb
Flavors: r-devel-linux-x86_64-fedora-clang, r-devel-windows-x86_64, r-release-macos-arm64, r-release-windows-x86_64, r-oldrel-macos-arm64, r-oldrel-macos-x86_64, r-oldrel-windows-x86_64