Last updated on 2025-01-19 05:49:17 CET.
Flavor | Version | Tinstall | Tcheck | Ttotal | Status | Flags |
---|---|---|---|---|---|---|
r-devel-linux-x86_64-debian-clang | 0.1.1 | 29.24 | 107.89 | 137.13 | OK | |
r-devel-linux-x86_64-debian-gcc | 0.1.1 | 19.46 | 77.97 | 97.43 | OK | |
r-devel-linux-x86_64-fedora-clang | 0.1.1 | 237.17 | OK | |||
r-devel-linux-x86_64-fedora-gcc | 0.1.1 | 241.80 | OK | |||
r-devel-windows-x86_64 | 0.1.1 | 30.00 | 134.00 | 164.00 | OK | |
r-patched-linux-x86_64 | 0.1.1 | 23.68 | 103.51 | 127.19 | OK | |
r-release-linux-x86_64 | 0.1.1 | 26.63 | 103.27 | 129.90 | OK | |
r-release-macos-arm64 | 0.1.1 | 59.00 | NOTE | |||
r-release-macos-x86_64 | 0.1.1 | 87.00 | NOTE | |||
r-release-windows-x86_64 | 0.1.1 | 30.00 | 133.00 | 163.00 | NOTE | |
r-oldrel-macos-arm64 | 0.1.1 | 52.00 | NOTE | |||
r-oldrel-macos-x86_64 | 0.1.1 | 124.00 | NOTE | |||
r-oldrel-windows-x86_64 | 0.1.1 | 39.00 | 151.00 | 190.00 | NOTE |
Version: 0.1.1
Check: installed package size
Result: NOTE
installed size is 6.3Mb
sub-directories of 1Mb or more:
data 2.6Mb
doc 1.8Mb
libs 1.4Mb
Flavors: r-release-macos-arm64, r-release-macos-x86_64, r-release-windows-x86_64, r-oldrel-macos-arm64, r-oldrel-macos-x86_64, r-oldrel-windows-x86_64