CRAN Package Check Results for Package pompp

Last updated on 2025-01-19 05:49:17 CET.

Flavor Version Tinstall Tcheck Ttotal Status Flags
r-devel-linux-x86_64-debian-clang 0.1.3 81.04 42.99 124.03 OK
r-devel-linux-x86_64-debian-gcc 0.1.3 64.50 41.48 105.98 OK
r-devel-linux-x86_64-fedora-clang 0.1.3 222.81 OK
r-devel-linux-x86_64-fedora-gcc 0.1.3 256.51 OK
r-devel-windows-x86_64 0.1.3 80.00 90.00 170.00 OK
r-patched-linux-x86_64 0.1.3 85.42 50.71 136.13 OK
r-release-linux-x86_64 0.1.3 84.83 50.22 135.05 OK
r-release-macos-arm64 0.1.3 74.00 NOTE
r-release-macos-x86_64 0.1.3 77.00 NOTE
r-release-windows-x86_64 0.1.3 78.00 90.00 168.00 OK
r-oldrel-macos-arm64 0.1.3 69.00 NOTE
r-oldrel-macos-x86_64 0.1.3 115.00 NOTE
r-oldrel-windows-x86_64 0.1.3 93.00 102.00 195.00 OK

Check Details

Version: 0.1.3
Check: installed package size
Result: NOTE installed size is 19.4Mb sub-directories of 1Mb or more: libs 19.0Mb Flavors: r-release-macos-arm64, r-release-macos-x86_64, r-oldrel-macos-arm64, r-oldrel-macos-x86_64