CRAN Package Check Results for Package pooling

Last updated on 2025-01-19 05:49:17 CET.

Flavor Version Tinstall Tcheck Ttotal Status Flags
r-devel-linux-x86_64-debian-clang 1.1.2 18.54 127.52 146.06 NOTE
r-devel-linux-x86_64-debian-gcc 1.1.2 11.32 85.54 96.86 NOTE
r-devel-linux-x86_64-fedora-clang 1.1.2 228.95 OK
r-devel-linux-x86_64-fedora-gcc 1.1.2 214.75 OK
r-devel-windows-x86_64 1.1.2 16.00 130.00 146.00 NOTE
r-patched-linux-x86_64 1.1.2 22.49 116.88 139.37 OK
r-release-linux-x86_64 1.1.2 15.40 115.93 131.33 OK
r-release-macos-arm64 1.1.2 60.00 OK
r-release-macos-x86_64 1.1.2 88.00 OK
r-release-windows-x86_64 1.1.2 18.00 133.00 151.00 OK
r-oldrel-macos-arm64 1.1.2 61.00 OK
r-oldrel-macos-x86_64 1.1.2 106.00 OK
r-oldrel-windows-x86_64 1.1.2 22.00 157.00 179.00 OK

Check Details

Version: 1.1.2
Check: Rd cross-references
Result: NOTE Found the following Rd file(s) with Rd \link{} targets missing package anchors: p_dfa_xerrors2.Rd: hcubature Please provide package anchors for all Rd \link{} targets not in the package itself and the base packages. Flavors: r-devel-linux-x86_64-debian-clang, r-devel-linux-x86_64-debian-gcc, r-devel-windows-x86_64