CRAN Package Check Results for Package pop

Last updated on 2025-01-19 05:49:17 CET.

Flavor Version Tinstall Tcheck Ttotal Status Flags
r-devel-linux-x86_64-debian-clang 0.1 4.31 40.72 45.03 OK
r-devel-linux-x86_64-debian-gcc 0.1 2.76 27.93 30.69 OK
r-devel-linux-x86_64-fedora-clang 0.1 71.00 OK
r-devel-linux-x86_64-fedora-gcc 0.1 68.61 OK
r-devel-windows-x86_64 0.1 6.00 61.00 67.00 OK
r-patched-linux-x86_64 0.1 3.83 38.19 42.02 NOTE
r-release-linux-x86_64 0.1 3.63 38.06 41.69 NOTE
r-release-macos-arm64 0.1 23.00 NOTE
r-release-macos-x86_64 0.1 33.00 NOTE
r-release-windows-x86_64 0.1 5.00 58.00 63.00 NOTE
r-oldrel-macos-arm64 0.1 24.00 NOTE
r-oldrel-macos-x86_64 0.1 37.00 NOTE
r-oldrel-windows-x86_64 0.1 6.00 68.00 74.00 NOTE

Check Details

Version: 0.1
Check: LazyData
Result: NOTE 'LazyData' is specified without a 'data' directory Flavors: r-patched-linux-x86_64, r-release-linux-x86_64, r-release-macos-arm64, r-release-macos-x86_64, r-release-windows-x86_64, r-oldrel-macos-arm64, r-oldrel-macos-x86_64, r-oldrel-windows-x86_64