Last updated on 2025-01-19 05:49:17 CET.
Flavor | Version | Tinstall | Tcheck | Ttotal | Status | Flags |
---|---|---|---|---|---|---|
r-devel-linux-x86_64-debian-clang | 0.4.12 | 18.55 | 254.46 | 273.01 | NOTE | |
r-devel-linux-x86_64-debian-gcc | 0.4.12 | 12.10 | 174.01 | 186.11 | NOTE | |
r-devel-linux-x86_64-fedora-clang | 0.4.12 | 469.13 | OK | |||
r-devel-linux-x86_64-fedora-gcc | 0.4.12 | 428.94 | OK | |||
r-devel-windows-x86_64 | 0.4.12 | 20.00 | 264.00 | 284.00 | NOTE | |
r-patched-linux-x86_64 | 0.4.12 | 24.02 | 369.96 | 393.98 | OK | |
r-release-linux-x86_64 | 0.4.12 | 19.80 | 364.32 | 384.12 | OK | |
r-release-macos-arm64 | 0.4.12 | 121.00 | OK | |||
r-release-macos-x86_64 | 0.4.12 | 187.00 | OK | |||
r-release-windows-x86_64 | 0.4.12 | 21.00 | 250.00 | 271.00 | OK | |
r-oldrel-macos-arm64 | 0.4.12 | 125.00 | OK | |||
r-oldrel-macos-x86_64 | 0.4.12 | 373.00 | OK | |||
r-oldrel-windows-x86_64 | 0.4.12 | 24.00 | 304.00 | 328.00 | OK |
Version: 0.4.12
Check: Rd cross-references
Result: NOTE
Found the following Rd file(s) with Rd \link{} targets missing package
anchors:
ltable.Rd: data.table, melt
prepExpo.Rd: data.table
sir_exp.Rd: Lexis
Please provide package anchors for all Rd \link{} targets not in the
package itself and the base packages.
Flavors: r-devel-linux-x86_64-debian-clang, r-devel-linux-x86_64-debian-gcc, r-devel-windows-x86_64