CRAN Package Check Results for Package popdemo

Last updated on 2018-09-21 12:47:39 CEST.

Flavor Version Tinstall Tcheck Ttotal Status Flags
r-devel-linux-x86_64-debian-clang 1.3-0 8.43 99.78 108.21 OK
r-devel-linux-x86_64-debian-gcc 1.3-0 7.38 78.73 86.11 OK
r-devel-linux-x86_64-fedora-clang 1.3-0 126.23 NOTE
r-devel-linux-x86_64-fedora-gcc 1.3-0 125.24 OK
r-devel-windows-ix86+x86_64 1.3-0 19.00 110.00 129.00 NOTE
r-patched-linux-x86_64 1.3-0 6.91 84.80 91.71 OK
r-patched-solaris-x86 1.3-0 157.50 NOTE
r-release-linux-x86_64 1.3-0 6.23 85.38 91.61 OK
r-release-windows-ix86+x86_64 1.3-0 16.00 96.00 112.00 NOTE
r-release-osx-x86_64 1.3-0 NOTE
r-oldrel-windows-ix86+x86_64 1.3-0 10.00 144.00 154.00 NOTE
r-oldrel-osx-x86_64 1.3-0 NOTE

Check Details

Version: 1.3-0
Check: installed package size
Result: NOTE
     installed size is 5.4Mb
     sub-directories of 1Mb or more:
     doc 4.9Mb
Flavors: r-devel-linux-x86_64-fedora-clang, r-devel-windows-ix86+x86_64, r-patched-solaris-x86, r-release-windows-ix86+x86_64, r-release-osx-x86_64, r-oldrel-windows-ix86+x86_64, r-oldrel-osx-x86_64