CRAN Package Check Results for Package popdemo

Last updated on 2018-06-21 12:48:38 CEST.

Flavor Version Tinstall Tcheck Ttotal Status Flags
r-devel-linux-x86_64-debian-clang 1.3-0 8.48 89.80 98.28 OK
r-devel-linux-x86_64-debian-gcc 1.3-0 7.73 78.05 85.78 OK
r-devel-linux-x86_64-fedora-clang 1.3-0 127.31 NOTE
r-devel-linux-x86_64-fedora-gcc 1.3-0 120.70 OK
r-devel-windows-ix86+x86_64 1.3-0 21.00 137.00 158.00 NOTE
r-patched-linux-x86_64 1.3-0 6.88 86.34 93.22 OK
r-patched-solaris-x86 1.3-0 160.20 NOTE
r-release-linux-x86_64 1.3-0 6.94 85.25 92.19 OK
r-release-windows-ix86+x86_64 1.3-0 13.00 95.00 108.00 NOTE
r-release-osx-x86_64 1.3-0 NOTE
r-oldrel-windows-ix86+x86_64 1.3-0 9.00 106.00 115.00 NOTE
r-oldrel-osx-x86_64 1.3-0 NOTE

Check Details

Version: 1.3-0
Check: installed package size
Result: NOTE
     installed size is 5.4Mb
     sub-directories of 1Mb or more:
     doc 4.9Mb
Flavors: r-devel-linux-x86_64-fedora-clang, r-devel-windows-ix86+x86_64, r-patched-solaris-x86, r-release-windows-ix86+x86_64, r-release-osx-x86_64, r-oldrel-windows-ix86+x86_64, r-oldrel-osx-x86_64