CRAN Package Check Results for Package popdemo

Last updated on 2018-12-16 12:47:58 CET.

Flavor Version Tinstall Tcheck Ttotal Status Flags
r-devel-linux-x86_64-debian-clang 1.3-0 6.73 89.15 95.88 OK
r-devel-linux-x86_64-debian-gcc 1.3-0 6.85 69.70 76.55 OK
r-devel-linux-x86_64-fedora-clang 1.3-0 113.35 NOTE
r-devel-linux-x86_64-fedora-gcc 1.3-0 109.95 OK
r-devel-windows-ix86+x86_64 1.3-0 20.00 130.00 150.00 NOTE
r-patched-linux-x86_64 1.3-0 8.15 84.28 92.43 OK
r-patched-solaris-x86 1.3-0 159.70 NOTE
r-release-linux-x86_64 1.3-0 8.12 85.15 93.27 OK
r-release-windows-ix86+x86_64 1.3-0 18.00 126.00 144.00 NOTE
r-release-osx-x86_64 1.3-0 NOTE
r-oldrel-windows-ix86+x86_64 1.3-0 14.00 141.00 155.00 NOTE
r-oldrel-osx-x86_64 1.3-0 NOTE

Check Details

Version: 1.3-0
Check: installed package size
Result: NOTE
     installed size is 5.4Mb
     sub-directories of 1Mb or more:
     doc 4.9Mb
Flavors: r-devel-linux-x86_64-fedora-clang, r-devel-windows-ix86+x86_64, r-patched-solaris-x86, r-release-windows-ix86+x86_64, r-release-osx-x86_64, r-oldrel-windows-ix86+x86_64, r-oldrel-osx-x86_64