Last updated on 2024-04-17 13:57:38 CEST.
Flavor | Version | Tinstall | Tcheck | Ttotal | Status | Flags |
---|---|---|---|---|---|---|
r-devel-linux-x86_64-debian-clang | 6.0 | 8.87 | 84.22 | 93.09 | OK | |
r-devel-linux-x86_64-debian-gcc | 6.0 | 7.67 | 60.72 | 68.39 | OK | |
r-devel-linux-x86_64-fedora-clang | 6.0 | 116.21 | NOTE | |||
r-devel-linux-x86_64-fedora-gcc | 6.0 | 109.04 | OK | |||
r-prerel-macos-arm64 | 6.0 | 33.00 | OK | |||
r-prerel-windows-x86_64 | 6.0 | 11.00 | 78.00 | 89.00 | OK | |
r-patched-linux-x86_64 | 6.0 | 10.92 | 77.01 | 87.93 | OK | |
r-release-linux-x86_64 | 6.0 | 10.54 | 79.54 | 90.08 | OK | |
r-release-macos-arm64 | 6.0 | 35.00 | OK | |||
r-release-macos-x86_64 | 6.0 | 86.00 | OK | |||
r-release-windows-x86_64 | 6.0 | 14.00 | 89.00 | 103.00 | OK | |
r-oldrel-macos-arm64 | 6.0 | 38.00 | OK | |||
r-oldrel-windows-x86_64 | 6.0 | 13.00 | 92.00 | 105.00 | OK |
Version: 6.0
Check: Rd cross-references
Result: NOTE
Undeclared packages ‘fracdiff’, ‘fGarch’, ‘tseries’ in Rd xrefs
Flavor: r-devel-linux-x86_64-fedora-clang