Last updated on 2024-04-28 12:54:43 CEST.
Flavor | Version | Tinstall | Tcheck | Ttotal | Status | Flags |
---|---|---|---|---|---|---|
r-devel-linux-x86_64-debian-clang | 0.2.3 | 1.93 | 21.89 | 23.82 | OK | |
r-devel-linux-x86_64-debian-gcc | 0.2.3 | 1.99 | 17.41 | 19.40 | OK | |
r-devel-linux-x86_64-fedora-clang | 0.2.3 | 30.94 | NOTE | |||
r-devel-linux-x86_64-fedora-gcc | 0.2.3 | 29.74 | OK | |||
r-devel-windows-x86_64 | 0.2.3 | 4.00 | 40.00 | 44.00 | OK | |
r-patched-linux-x86_64 | 0.2.3 | 2.55 | 22.09 | 24.64 | OK | |
r-release-linux-x86_64 | 0.2.3 | 2.08 | 21.94 | 24.02 | OK | |
r-release-macos-arm64 | 0.2.3 | 15.00 | OK | |||
r-release-windows-x86_64 | 0.2.3 | 4.00 | 41.00 | 45.00 | OK | |
r-oldrel-macos-arm64 | 0.2.3 | 15.00 | OK | |||
r-oldrel-macos-x86_64 | 0.2.3 | 20.00 | OK | |||
r-oldrel-windows-x86_64 | 0.2.3 | 4.00 | 40.00 | 44.00 | OK |
Version: 0.2.3
Check: Rd cross-references
Result: NOTE
Undeclared package ‘bslib’ in Rd xrefs
Flavor: r-devel-linux-x86_64-fedora-clang