Last updated on 2025-01-19 05:49:17 CET.
Flavor | Version | Tinstall | Tcheck | Ttotal | Status | Flags |
---|---|---|---|---|---|---|
r-devel-linux-x86_64-debian-clang | 0.5.4 | 2.66 | 40.29 | 42.95 | OK | |
r-devel-linux-x86_64-debian-gcc | 0.5.4 | 2.17 | 31.42 | 33.59 | OK | |
r-devel-linux-x86_64-fedora-clang | 0.5.4 | 72.61 | OK | |||
r-devel-linux-x86_64-fedora-gcc | 0.5.4 | 83.40 | OK | |||
r-devel-windows-x86_64 | 0.5.4 | 5.00 | 67.00 | 72.00 | OK | |
r-patched-linux-x86_64 | 0.5.4 | 3.43 | 38.17 | 41.60 | OK | |
r-release-linux-x86_64 | 0.5.4 | 2.64 | 38.34 | 40.98 | OK | |
r-release-macos-arm64 | 0.5.4 | 33.00 | OK | |||
r-release-macos-x86_64 | 0.5.4 | 55.00 | OK | |||
r-release-windows-x86_64 | 0.5.4 | 4.00 | 76.00 | 80.00 | OK | |
r-oldrel-macos-arm64 | 0.5.4 | 33.00 | OK | |||
r-oldrel-macos-x86_64 | 0.5.4 | 47.00 | NOTE | |||
r-oldrel-windows-x86_64 | 0.5.4 | 6.00 | 71.00 | 77.00 | OK |
Version: 0.5.4
Check: package dependencies
Result: NOTE
Package suggested but not available for checking: ‘rstan’
Flavor: r-oldrel-macos-x86_64
Version: 0.5.4
Check: Rd cross-references
Result: NOTE
Package unavailable to check Rd xrefs: ‘rstan’
Flavor: r-oldrel-macos-x86_64