CRAN Package Check Results for Package povcalnetR

Last updated on 2020-08-07 12:49:33 CEST.

Flavor Version Tinstall Tcheck Ttotal Status Flags
r-devel-linux-x86_64-debian-clang 0.1.1 2.58 33.26 35.84 OK
r-devel-linux-x86_64-debian-gcc 0.1.1 1.94 25.71 27.65 OK
r-devel-linux-x86_64-fedora-clang 0.1.1 50.16 NOTE
r-devel-linux-x86_64-fedora-gcc 0.1.1 42.00 NOTE
r-devel-windows-ix86+x86_64 0.1.1 19.00 68.00 87.00 OK
r-patched-linux-x86_64 0.1.1 2.61 32.96 35.57 OK
r-patched-solaris-x86 0.1.1 64.50 NOTE
r-release-linux-x86_64 0.1.1 2.60 32.32 34.92 OK
r-release-macos-x86_64 0.1.1 NOTE
r-release-windows-ix86+x86_64 0.1.1 14.00 45.00 59.00 OK
r-oldrel-macos-x86_64 0.1.1 NOTE
r-oldrel-windows-ix86+x86_64 0.1.1 8.00 46.00 54.00 OK

Check Details

Version: 0.1.1
Check: dependencies in R code
Result: NOTE
    Namespace in Imports field not imported from: ‘memoise’
     All declared Imports should be used.
Flavors: r-devel-linux-x86_64-fedora-clang, r-devel-linux-x86_64-fedora-gcc, r-patched-solaris-x86, r-release-macos-x86_64, r-oldrel-macos-x86_64