Last updated on 2024-03-28 14:48:38 CET.
Flavor | Version | Tinstall | Tcheck | Ttotal | Status | Flags |
---|---|---|---|---|---|---|
r-devel-linux-x86_64-debian-clang | 1.0.1 | 1.89 | 20.39 | 22.28 | NOTE | |
r-devel-linux-x86_64-debian-gcc | 1.0.1 | 1.75 | 16.37 | 18.12 | NOTE | |
r-devel-linux-x86_64-fedora-clang | 1.0.1 | 28.84 | NOTE | |||
r-devel-linux-x86_64-fedora-gcc | 1.0.1 | 28.62 | NOTE | |||
r-devel-windows-x86_64 | 1.0.1 | 3.00 | 37.00 | 40.00 | NOTE | |
r-patched-linux-x86_64 | 1.0.1 | 1.99 | 19.98 | 21.97 | NOTE | |
r-release-linux-x86_64 | 1.0.1 | 1.80 | 20.60 | 22.40 | NOTE | |
r-release-macos-arm64 | 1.0.1 | 17.00 | NOTE | |||
r-release-macos-x86_64 | 1.0.1 | 20.00 | NOTE | |||
r-release-windows-x86_64 | 1.0.1 | 3.00 | 40.00 | 43.00 | NOTE | |
r-oldrel-macos-arm64 | 1.0.1 | 15.00 | NOTE | |||
r-oldrel-windows-x86_64 | 1.0.1 | 3.00 | 41.00 | 44.00 | NOTE |
Version: 1.0.1
Check: LazyData
Result: NOTE
'LazyData' is specified without a 'data' directory
Flavors: r-devel-linux-x86_64-debian-clang, r-devel-linux-x86_64-debian-gcc, r-devel-linux-x86_64-fedora-clang, r-devel-linux-x86_64-fedora-gcc, r-devel-windows-x86_64, r-patched-linux-x86_64, r-release-linux-x86_64, r-release-macos-arm64, r-release-macos-x86_64, r-release-windows-x86_64, r-oldrel-macos-arm64, r-oldrel-windows-x86_64