CRAN Package Check Results for Package powerbydesign

Last updated on 2025-01-19 05:49:17 CET.

Flavor Version Tinstall Tcheck Ttotal Status Flags
r-devel-linux-x86_64-debian-clang 1.0.5 2.05 23.28 25.33 OK
r-devel-linux-x86_64-debian-gcc 1.0.5 1.56 18.07 19.63 OK
r-devel-linux-x86_64-fedora-clang 1.0.5 40.29 OK
r-devel-linux-x86_64-fedora-gcc 1.0.5 38.45 OK
r-devel-windows-x86_64 1.0.5 3.00 51.00 54.00 OK
r-patched-linux-x86_64 1.0.5 2.08 21.93 24.01 NOTE
r-release-linux-x86_64 1.0.5 1.87 22.00 23.87 NOTE
r-release-macos-arm64 1.0.5 19.00 NOTE
r-release-macos-x86_64 1.0.5 27.00 NOTE
r-release-windows-x86_64 1.0.5 3.00 53.00 56.00 NOTE
r-oldrel-macos-arm64 1.0.5 19.00 NOTE
r-oldrel-macos-x86_64 1.0.5 23.00 NOTE
r-oldrel-windows-x86_64 1.0.5 4.00 52.00 56.00 NOTE

Check Details

Version: 1.0.5
Check: LazyData
Result: NOTE 'LazyData' is specified without a 'data' directory Flavors: r-patched-linux-x86_64, r-release-linux-x86_64, r-release-macos-arm64, r-release-macos-x86_64, r-release-windows-x86_64, r-oldrel-macos-arm64, r-oldrel-macos-x86_64, r-oldrel-windows-x86_64