Last updated on 2025-01-19 05:49:17 CET.
Flavor | Version | Tinstall | Tcheck | Ttotal | Status | Flags |
---|---|---|---|---|---|---|
r-devel-linux-x86_64-debian-clang | 1.8.6 | 26.67 | 155.37 | 182.04 | NOTE | |
r-devel-linux-x86_64-debian-gcc | 1.8.6 | 17.56 | 104.14 | 121.70 | NOTE | |
r-devel-linux-x86_64-fedora-clang | 1.8.6 | 288.53 | OK | |||
r-devel-linux-x86_64-fedora-gcc | 1.8.6 | 266.58 | OK | |||
r-devel-windows-x86_64 | 1.8.6 | 28.00 | 160.00 | 188.00 | NOTE | |
r-patched-linux-x86_64 | 1.8.6 | 34.25 | 138.84 | 173.09 | OK | |
r-release-linux-x86_64 | 1.8.6 | 24.34 | 140.37 | 164.71 | OK | |
r-release-macos-arm64 | 1.8.6 | 56.00 | OK | |||
r-release-macos-x86_64 | 1.8.6 | 125.00 | OK | |||
r-release-windows-x86_64 | 1.8.6 | 28.00 | 161.00 | 189.00 | OK | |
r-oldrel-macos-arm64 | 1.8.6 | 54.00 | OK | |||
r-oldrel-macos-x86_64 | 1.8.6 | 92.00 | OK | |||
r-oldrel-windows-x86_64 | 1.8.6 | 36.00 | 201.00 | 237.00 | OK |
Version: 1.8.6
Check: Rd cross-references
Result: NOTE
Found the following Rd file(s) with Rd \link{} targets missing package
anchors:
plot.Method.Rd: patchwork
plot.StepOne.Rd: patchwork
plot.StepThree.Rd: patchwork
plot.StepTwo.Rd: patchwork
plot.Validation.Rd: patchwork
Please provide package anchors for all Rd \link{} targets not in the
package itself and the base packages.
Flavors: r-devel-linux-x86_64-debian-clang, r-devel-linux-x86_64-debian-gcc, r-devel-windows-x86_64