CRAN Package Check Results for Package ppmlasso

Last updated on 2025-01-19 05:49:17 CET.

Flavor Version Tinstall Tcheck Ttotal Status Flags
r-devel-linux-x86_64-debian-clang 1.4 12.84 123.90 136.74 NOTE
r-devel-linux-x86_64-debian-gcc 1.4 8.60 86.77 95.37 NOTE
r-devel-linux-x86_64-fedora-clang 1.4 226.11 OK
r-devel-linux-x86_64-fedora-gcc 1.4 219.36 OK
r-devel-windows-x86_64 1.4 13.00 129.00 142.00 NOTE
r-patched-linux-x86_64 1.4 12.07 112.23 124.30 OK
r-release-linux-x86_64 1.4 10.71 112.46 123.17 OK
r-release-macos-arm64 1.4 57.00 OK
r-release-macos-x86_64 1.4 87.00 OK
r-release-windows-x86_64 1.4 13.00 131.00 144.00 OK
r-oldrel-macos-arm64 1.4 78.00 OK
r-oldrel-macos-x86_64 1.4 143.00 OK
r-oldrel-windows-x86_64 1.4 14.00 156.00 170.00 OK

Check Details

Version: 1.4
Check: Rd cross-references
Result: NOTE Found the following Rd file(s) with Rd \link{} targets missing package anchors: envelope-methods.Rd: envelope Please provide package anchors for all Rd \link{} targets not in the package itself and the base packages. Flavors: r-devel-linux-x86_64-debian-clang, r-devel-linux-x86_64-debian-gcc, r-devel-windows-x86_64