CRAN Package Check Results for Package pprof

Last updated on 2025-01-19 05:49:17 CET.

Flavor Version Tinstall Tcheck Ttotal Status Flags
r-devel-linux-x86_64-debian-clang 1.0.1 51.83 161.54 213.37 OK
r-devel-linux-x86_64-debian-gcc 1.0.1 37.90 111.26 149.16 OK
r-devel-linux-x86_64-fedora-clang 1.0.1 355.56 OK
r-devel-linux-x86_64-fedora-gcc 1.0.1 351.84 OK
r-devel-windows-x86_64 1.0.1 59.00 189.00 248.00 OK
r-patched-linux-x86_64 1.0.1 52.68 149.01 201.69 NOTE
r-release-linux-x86_64 1.0.1 55.11 150.25 205.36 NOTE
r-release-macos-arm64 1.0.1 87.00 NOTE
r-release-macos-x86_64 1.0.1 190.00 NOTE
r-release-windows-x86_64 1.0.1 57.00 187.00 244.00 NOTE
r-oldrel-macos-arm64 1.0.1 94.00 NOTE
r-oldrel-macos-x86_64 1.0.1 171.00 NOTE
r-oldrel-windows-x86_64 1.0.1 73.00 226.00 299.00 NOTE

Check Details

Version: 1.0.1
Check: for GNU extensions in Makefiles
Result: NOTE GNU make is a SystemRequirements. Flavors: r-patched-linux-x86_64, r-release-linux-x86_64, r-release-macos-arm64, r-release-macos-x86_64, r-release-windows-x86_64, r-oldrel-macos-arm64, r-oldrel-macos-x86_64, r-oldrel-windows-x86_64

Version: 1.0.1
Check: installed package size
Result: NOTE installed size is 5.8Mb sub-directories of 1Mb or more: libs 4.7Mb Flavors: r-release-macos-arm64, r-release-macos-x86_64, r-oldrel-macos-arm64, r-oldrel-macos-x86_64