Last updated on 2025-01-19 05:49:17 CET.
Flavor | Version | Tinstall | Tcheck | Ttotal | Status | Flags |
---|---|---|---|---|---|---|
r-devel-linux-x86_64-debian-clang | 0.2.5 | 7.82 | 415.67 | 423.49 | OK | |
r-devel-linux-x86_64-debian-gcc | 0.2.5 | 5.95 | 282.38 | 288.33 | OK | |
r-devel-linux-x86_64-fedora-clang | 0.2.5 | 679.37 | OK | |||
r-devel-linux-x86_64-fedora-gcc | 0.2.5 | 664.35 | OK | |||
r-devel-windows-x86_64 | 0.2.5 | 11.00 | 434.00 | 445.00 | OK | |
r-patched-linux-x86_64 | 0.2.5 | 8.09 | 395.74 | 403.83 | OK | |
r-release-linux-x86_64 | 0.2.5 | 7.48 | 397.06 | 404.54 | OK | |
r-release-macos-arm64 | 0.2.5 | 198.00 | NOTE | |||
r-release-macos-x86_64 | 0.2.5 | 502.00 | NOTE | |||
r-release-windows-x86_64 | 0.2.5 | 10.00 | 442.00 | 452.00 | NOTE | |
r-oldrel-macos-arm64 | 0.2.5 | 261.00 | NOTE | |||
r-oldrel-macos-x86_64 | 0.2.5 | 541.00 | NOTE | |||
r-oldrel-windows-x86_64 | 0.2.5 | 12.00 | 530.00 | 542.00 | NOTE |
Version: 0.2.5
Check: installed package size
Result: NOTE
installed size is 11.0Mb
sub-directories of 1Mb or more:
doc 10.5Mb
Flavors: r-release-macos-arm64, r-release-macos-x86_64, r-release-windows-x86_64, r-oldrel-macos-arm64, r-oldrel-macos-x86_64, r-oldrel-windows-x86_64