Last updated on 2025-01-19 05:49:17 CET.
Flavor | Version | Tinstall | Tcheck | Ttotal | Status | Flags |
---|---|---|---|---|---|---|
r-devel-linux-x86_64-debian-clang | 0.0.5 | 2.41 | 29.62 | 32.03 | OK | |
r-devel-linux-x86_64-debian-gcc | 0.0.5 | 1.61 | 22.66 | 24.27 | OK | |
r-devel-linux-x86_64-fedora-clang | 0.0.5 | 51.03 | NOTE | |||
r-devel-linux-x86_64-fedora-gcc | 0.0.5 | 48.76 | NOTE | |||
r-devel-windows-x86_64 | 0.0.5 | 4.00 | 54.00 | 58.00 | OK | |
r-patched-linux-x86_64 | 0.0.5 | 2.26 | 28.15 | 30.41 | OK | |
r-release-linux-x86_64 | 0.0.5 | 2.25 | 28.45 | 30.70 | OK | |
r-release-macos-arm64 | 0.0.5 | 21.00 | OK | |||
r-release-macos-x86_64 | 0.0.5 | 29.00 | OK | |||
r-release-windows-x86_64 | 0.0.5 | 4.00 | 69.00 | 73.00 | OK | |
r-oldrel-macos-arm64 | 0.0.5 | 24.00 | OK | |||
r-oldrel-macos-x86_64 | 0.0.5 | 36.00 | OK | |||
r-oldrel-windows-x86_64 | 0.0.5 | 4.00 | 57.00 | 61.00 | OK |
Version: 0.0.5
Check: dependencies in R code
Result: NOTE
Namespaces in Imports field not imported from:
‘rpart’ ‘withr’
All declared Imports should be used.
Flavors: r-devel-linux-x86_64-fedora-clang, r-devel-linux-x86_64-fedora-gcc