CRAN Package Check Results for Package praise

Last updated on 2025-01-19 05:49:17 CET.

Flavor Version Tinstall Tcheck Ttotal Status Flags
r-devel-linux-x86_64-debian-clang 1.0.0 1.47 20.65 22.12 OK
r-devel-linux-x86_64-debian-gcc 1.0.0 1.32 15.97 17.29 OK
r-devel-linux-x86_64-fedora-clang 1.0.0 35.27 OK
r-devel-linux-x86_64-fedora-gcc 1.0.0 34.68 OK
r-devel-windows-x86_64 1.0.0 5.00 46.00 51.00 OK
r-patched-linux-x86_64 1.0.0 1.35 19.52 20.87 NOTE
r-release-linux-x86_64 1.0.0 1.39 19.40 20.79 NOTE
r-release-macos-arm64 1.0.0 15.00 NOTE
r-release-macos-x86_64 1.0.0 22.00 NOTE
r-release-windows-x86_64 1.0.0 5.00 46.00 51.00 NOTE
r-oldrel-macos-arm64 1.0.0 19.00 NOTE
r-oldrel-macos-x86_64 1.0.0 22.00 NOTE
r-oldrel-windows-x86_64 1.0.0 4.00 46.00 50.00 NOTE

Check Details

Version: 1.0.0
Check: LazyData
Result: NOTE 'LazyData' is specified without a 'data' directory Flavors: r-patched-linux-x86_64, r-release-linux-x86_64, r-release-macos-arm64, r-release-macos-x86_64, r-release-windows-x86_64, r-oldrel-macos-arm64, r-oldrel-macos-x86_64, r-oldrel-windows-x86_64