CRAN Package Check Results for Package prcbench

Last updated on 2020-01-25 12:47:57 CET.

Flavor Version Tinstall Tcheck Ttotal Status Flags
r-devel-linux-x86_64-debian-clang 0.8 10.13 291.31 301.44 OK
r-devel-linux-x86_64-debian-gcc 0.8 8.60 240.38 248.98 OK
r-devel-linux-x86_64-fedora-clang 0.8 339.17 OK
r-devel-linux-x86_64-fedora-gcc 0.8 331.92 OK
r-devel-windows-ix86+x86_64 0.8 20.00 353.00 373.00 OK
r-devel-windows-ix86+x86_64-gcc8 0.8 31.00 287.00 318.00 OK
r-patched-linux-x86_64 0.8 8.14 274.19 282.33 OK
r-patched-solaris-x86 0.8 370.80 OK
r-release-linux-x86_64 0.8 8.68 277.10 285.78 OK
r-release-windows-ix86+x86_64 0.8 17.00 325.00 342.00 OK
r-release-osx-x86_64 0.8 NOTE
r-oldrel-windows-ix86+x86_64 0.8 12.00 298.00 310.00 OK
r-oldrel-osx-x86_64 0.8 OK

Check Details

Version: 0.8
Check: package dependencies
Result: NOTE
    Package suggested but not available for checking: ‘PerfMeas’
Flavor: r-release-osx-x86_64