Last updated on 2024-05-01 16:53:05 CEST.
Flavor | Version | Tinstall | Tcheck | Ttotal | Status | Flags |
---|---|---|---|---|---|---|
r-devel-linux-x86_64-debian-clang | 0.1-11 | 33.99 | 277.05 | 311.04 | OK | |
r-devel-linux-x86_64-debian-gcc | 0.1-11 | 28.46 | 193.52 | 221.98 | OK | |
r-devel-linux-x86_64-fedora-clang | 0.1-11 | 369.64 | NOTE | |||
r-devel-linux-x86_64-fedora-gcc | 0.1-11 | 349.52 | OK | |||
r-devel-windows-x86_64 | 0.1-11 | 27.00 | 166.00 | 193.00 | OK | |
r-patched-linux-x86_64 | 0.1-11 | 34.12 | 259.81 | 293.93 | OK | |
r-release-linux-x86_64 | 0.1-11 | 30.48 | 254.31 | 284.79 | OK | |
r-release-macos-arm64 | 0.1-11 | 87.00 | NOTE | |||
r-release-windows-x86_64 | 0.1-11 | 27.00 | 170.00 | 197.00 | OK | |
r-oldrel-macos-arm64 | 0.1-11 | 88.00 | OK | |||
r-oldrel-macos-x86_64 | 0.1-11 | 284.00 | NOTE | |||
r-oldrel-windows-x86_64 | 0.1-11 | 38.00 | 221.00 | 259.00 | OK |
Version: 0.1-11
Check: installed package size
Result: NOTE
installed size is 5.0Mb
sub-directories of 1Mb or more:
R 3.6Mb
Flavors: r-devel-linux-x86_64-fedora-clang, r-release-macos-arm64, r-oldrel-macos-x86_64
Version: 0.1-11
Check: Rd cross-references
Result: NOTE
Undeclared package ‘raster’ in Rd xrefs
Flavor: r-devel-linux-x86_64-fedora-clang