CRAN Package Check Results for Package predtools

Last updated on 2025-01-19 05:49:17 CET.

Flavor Version Tinstall Tcheck Ttotal Status Flags
r-devel-linux-x86_64-debian-clang 0.0.3 13.84 65.89 79.73 NOTE
r-devel-linux-x86_64-debian-gcc 0.0.3 10.04 48.96 59.00 NOTE
r-devel-linux-x86_64-fedora-clang 0.0.3 135.30 NOTE
r-devel-linux-x86_64-fedora-gcc 0.0.3 141.80 NOTE
r-devel-windows-x86_64 0.0.3 19.00 97.00 116.00 NOTE
r-patched-linux-x86_64 0.0.3 14.38 61.62 76.00 NOTE
r-release-linux-x86_64 0.0.3 13.62 60.95 74.57 NOTE
r-release-macos-arm64 0.0.3 52.00 NOTE
r-release-macos-x86_64 0.0.3 69.00 NOTE
r-release-windows-x86_64 0.0.3 19.00 96.00 115.00 NOTE
r-oldrel-macos-arm64 0.0.3 51.00 OK
r-oldrel-macos-x86_64 0.0.3 76.00 OK
r-oldrel-windows-x86_64 0.0.3 23.00 108.00 131.00 OK

Check Details

Version: 0.0.3
Check: Rd files
Result: NOTE checkRd: (-1) dev_data.Rd:10: Lost braces in \itemize; meant \describe ? checkRd: (-1) dev_data.Rd:11: Lost braces in \itemize; meant \describe ? checkRd: (-1) dev_data.Rd:12: Lost braces in \itemize; meant \describe ? checkRd: (-1) dev_data.Rd:13: Lost braces in \itemize; meant \describe ? checkRd: (-1) dev_data.Rd:14: Lost braces in \itemize; meant \describe ? checkRd: (-1) gusto.Rd:10: Lost braces in \itemize; meant \describe ? checkRd: (-1) gusto.Rd:11: Lost braces in \itemize; meant \describe ? checkRd: (-1) gusto.Rd:12: Lost braces in \itemize; meant \describe ? checkRd: (-1) gusto.Rd:13: Lost braces in \itemize; meant \describe ? checkRd: (-1) gusto.Rd:14: Lost braces in \itemize; meant \describe ? checkRd: (-1) val_data.Rd:10: Lost braces in \itemize; meant \describe ? checkRd: (-1) val_data.Rd:11: Lost braces in \itemize; meant \describe ? checkRd: (-1) val_data.Rd:12: Lost braces in \itemize; meant \describe ? checkRd: (-1) val_data.Rd:13: Lost braces in \itemize; meant \describe ? checkRd: (-1) val_data.Rd:14: Lost braces in \itemize; meant \describe ? Flavors: r-devel-linux-x86_64-debian-clang, r-devel-linux-x86_64-debian-gcc, r-devel-linux-x86_64-fedora-clang, r-devel-linux-x86_64-fedora-gcc, r-devel-windows-x86_64, r-patched-linux-x86_64, r-release-linux-x86_64, r-release-macos-arm64, r-release-macos-x86_64, r-release-windows-x86_64