Last updated on 2025-01-19 05:49:17 CET.
Flavor | Version | Tinstall | Tcheck | Ttotal | Status | Flags |
---|---|---|---|---|---|---|
r-devel-linux-x86_64-debian-clang | 1.1.6 | 7.23 | 51.85 | 59.08 | NOTE | |
r-devel-linux-x86_64-debian-gcc | 1.1.6 | 4.37 | 36.16 | 40.53 | NOTE | |
r-devel-linux-x86_64-fedora-clang | 1.1.6 | 93.47 | NOTE | |||
r-devel-linux-x86_64-fedora-gcc | 1.1.6 | 87.97 | NOTE | |||
r-devel-windows-x86_64 | 1.1.6 | 9.00 | 69.00 | 78.00 | NOTE | |
r-patched-linux-x86_64 | 1.1.6 | 7.15 | 47.74 | 54.89 | NOTE | |
r-release-linux-x86_64 | 1.1.6 | 7.10 | 47.51 | 54.61 | NOTE | |
r-release-macos-arm64 | 1.1.6 | 27.00 | NOTE | |||
r-release-macos-x86_64 | 1.1.6 | 44.00 | NOTE | |||
r-release-windows-x86_64 | 1.1.6 | 8.00 | 68.00 | 76.00 | NOTE | |
r-oldrel-macos-arm64 | 1.1.6 | 31.00 | OK | |||
r-oldrel-macos-x86_64 | 1.1.6 | 40.00 | OK | |||
r-oldrel-windows-x86_64 | 1.1.6 | 10.00 | 77.00 | 87.00 | OK |
Version: 1.1.6
Check: Rd files
Result: NOTE
checkRd: (-1) preference-package.Rd:48-49: Lost braces in \itemize; meant \describe ?
checkRd: (-1) preference-package.Rd:50-51: Lost braces in \itemize; meant \describe ?
checkRd: (-1) preference-package.Rd:52-53: Lost braces in \itemize; meant \describe ?
checkRd: (-1) preference-package.Rd:58-60: Lost braces in \itemize; meant \describe ?
checkRd: (-1) preference-package.Rd:61-63: Lost braces in \itemize; meant \describe ?
checkRd: (-1) preference-package.Rd:68-69: Lost braces in \itemize; meant \describe ?
checkRd: (-1) preference-package.Rd:70-71: Lost braces in \itemize; meant \describe ?
checkRd: (-1) preference-package.Rd:72-73: Lost braces in \itemize; meant \describe ?
checkRd: (-1) preference-package.Rd:78-79: Lost braces in \itemize; meant \describe ?
checkRd: (-1) preference-package.Rd:80-81: Lost braces in \itemize; meant \describe ?
checkRd: (-1) preference.Rd:21: Lost braces in \itemize; meant \describe ?
checkRd: (-1) preference.Rd:22-23: Lost braces in \itemize; meant \describe ?
checkRd: (-1) preference.Rd:24-25: Lost braces in \itemize; meant \describe ?
checkRd: (-1) preference.Rd:26-27: Lost braces in \itemize; meant \describe ?
Flavors: r-devel-linux-x86_64-debian-clang, r-devel-linux-x86_64-debian-gcc, r-devel-linux-x86_64-fedora-clang, r-devel-linux-x86_64-fedora-gcc, r-devel-windows-x86_64, r-patched-linux-x86_64, r-release-linux-x86_64, r-release-macos-arm64, r-release-macos-x86_64, r-release-windows-x86_64