Last updated on 2025-01-19 05:49:17 CET.
Flavor | Version | Tinstall | Tcheck | Ttotal | Status | Flags |
---|---|---|---|---|---|---|
r-devel-linux-x86_64-debian-clang | 0.2.4 | 41.34 | 361.57 | 402.91 | OK | |
r-devel-linux-x86_64-debian-gcc | 0.2.4 | 27.73 | 227.19 | 254.92 | OK | |
r-devel-linux-x86_64-fedora-clang | 0.2.4 | 650.50 | OK | |||
r-devel-linux-x86_64-fedora-gcc | 0.2.4 | 594.84 | OK | |||
r-devel-windows-x86_64 | 0.2.4 | 38.00 | 276.00 | 314.00 | OK | |
r-patched-linux-x86_64 | 0.2.4 | 39.43 | 335.59 | 375.02 | OK | |
r-release-linux-x86_64 | 0.2.4 | 35.20 | 339.67 | 374.87 | OK | |
r-release-macos-arm64 | 0.2.4 | 136.00 | NOTE | |||
r-release-macos-x86_64 | 0.2.4 | 266.00 | NOTE | |||
r-release-windows-x86_64 | 0.2.4 | 39.00 | 277.00 | 316.00 | NOTE | |
r-oldrel-macos-arm64 | 0.2.4 | 150.00 | NOTE | |||
r-oldrel-macos-x86_64 | 0.2.4 | 311.00 | NOTE | |||
r-oldrel-windows-x86_64 | 0.2.4 | 39.00 | 377.00 | 416.00 | NOTE |
Version: 0.2.4
Check: installed package size
Result: NOTE
installed size is 10.0Mb
sub-directories of 1Mb or more:
extdata 9.7Mb
Flavors: r-release-macos-arm64, r-release-macos-x86_64, r-release-windows-x86_64, r-oldrel-macos-arm64, r-oldrel-macos-x86_64, r-oldrel-windows-x86_64