Last updated on 2024-05-01 16:53:05 CEST.
Flavor | Version | Tinstall | Tcheck | Ttotal | Status | Flags |
---|---|---|---|---|---|---|
r-devel-linux-x86_64-debian-clang | 0.2.4 | 46.53 | 472.95 | 519.48 | OK | |
r-devel-linux-x86_64-debian-gcc | 0.2.4 | 38.15 | 335.16 | 373.31 | OK | |
r-devel-linux-x86_64-fedora-clang | 0.2.4 | 624.89 | NOTE | |||
r-devel-linux-x86_64-fedora-gcc | 0.2.4 | 661.27 | OK | |||
r-devel-windows-x86_64 | 0.2.4 | 38.00 | 274.00 | 312.00 | NOTE | |
r-patched-linux-x86_64 | 0.2.4 | 34.34 | 437.19 | 471.53 | OK | |
r-release-linux-x86_64 | 0.2.4 | 30.20 | 432.25 | 462.45 | OK | |
r-release-macos-arm64 | 0.2.4 | 136.00 | NOTE | |||
r-release-macos-x86_64 | 0.2.4 | 366.00 | NOTE | |||
r-release-windows-x86_64 | 0.2.4 | 39.00 | 274.00 | 313.00 | NOTE | |
r-oldrel-macos-arm64 | 0.2.4 | 150.00 | NOTE | |||
r-oldrel-macos-x86_64 | 0.2.4 | 311.00 | NOTE | |||
r-oldrel-windows-x86_64 | 0.2.4 | 52.00 | 373.00 | 425.00 | NOTE |
Version: 0.2.4
Check: installed package size
Result: NOTE
installed size is 10.0Mb
sub-directories of 1Mb or more:
extdata 9.7Mb
Flavors: r-devel-linux-x86_64-fedora-clang, r-devel-windows-x86_64, r-release-macos-arm64, r-release-macos-x86_64, r-release-windows-x86_64, r-oldrel-macos-arm64, r-oldrel-macos-x86_64, r-oldrel-windows-x86_64