CRAN Package Check Results for Package prettyB

Last updated on 2025-01-19 05:49:17 CET.

Flavor Version Tinstall Tcheck Ttotal Status Flags
r-devel-linux-x86_64-debian-clang 0.2.2 2.87 34.64 37.51 OK
r-devel-linux-x86_64-debian-gcc 0.2.2 1.96 26.79 28.75 OK
r-devel-linux-x86_64-fedora-clang 0.2.2 62.86 OK
r-devel-linux-x86_64-fedora-gcc 0.2.2 73.92 OK
r-devel-windows-x86_64 0.2.2 5.00 52.00 57.00 OK
r-patched-linux-x86_64 0.2.2 2.66 33.93 36.59 NOTE
r-release-linux-x86_64 0.2.2 2.68 33.47 36.15 NOTE
r-release-macos-arm64 0.2.2 24.00 NOTE
r-release-macos-x86_64 0.2.2 36.00 NOTE
r-release-windows-x86_64 0.2.2 4.00 50.00 54.00 NOTE
r-oldrel-macos-arm64 0.2.2 24.00 NOTE
r-oldrel-macos-x86_64 0.2.2 36.00 NOTE
r-oldrel-windows-x86_64 0.2.2 5.00 51.00 56.00 NOTE

Check Details

Version: 0.2.2
Check: LazyData
Result: NOTE 'LazyData' is specified without a 'data' directory Flavors: r-patched-linux-x86_64, r-release-linux-x86_64, r-release-macos-arm64, r-release-macos-x86_64, r-release-windows-x86_64, r-oldrel-macos-arm64, r-oldrel-macos-x86_64, r-oldrel-windows-x86_64