CRAN Package Check Results for Package prevederer

Last updated on 2025-01-19 05:49:17 CET.

Flavor Version Tinstall Tcheck Ttotal Status Flags
r-devel-linux-x86_64-debian-clang 0.0.1 1.99 19.60 21.59 OK
r-devel-linux-x86_64-debian-gcc 0.0.1 1.41 15.99 17.40 OK
r-devel-linux-x86_64-fedora-clang 0.0.1 34.89 OK
r-devel-linux-x86_64-fedora-gcc 0.0.1 33.84 OK
r-devel-windows-x86_64 0.0.1 3.00 44.00 47.00 OK
r-patched-linux-x86_64 0.0.1 2.01 18.73 20.74 NOTE
r-release-linux-x86_64 0.0.1 1.75 18.52 20.27 NOTE
r-release-macos-arm64 0.0.1 15.00 NOTE
r-release-macos-x86_64 0.0.1 23.00 NOTE
r-release-windows-x86_64 0.0.1 3.00 43.00 46.00 NOTE
r-oldrel-macos-arm64 0.0.1 17.00 NOTE
r-oldrel-macos-x86_64 0.0.1 21.00 NOTE
r-oldrel-windows-x86_64 0.0.1 4.00 45.00 49.00 NOTE

Check Details

Version: 0.0.1
Check: LazyData
Result: NOTE 'LazyData' is specified without a 'data' directory Flavors: r-patched-linux-x86_64, r-release-linux-x86_64, r-release-macos-arm64, r-release-macos-x86_64, r-release-windows-x86_64, r-oldrel-macos-arm64, r-oldrel-macos-x86_64, r-oldrel-windows-x86_64