Last updated on 2025-10-13 14:49:55 CEST.
| Flavor | Version | Tinstall | Tcheck | Ttotal | Status | Flags | 
|---|---|---|---|---|---|---|
| r-devel-linux-x86_64-debian-clang | 0.4.0 | 3.89 | 59.91 | 63.80 | OK | |
| r-devel-linux-x86_64-debian-gcc | 0.4.0 | 3.00 | 43.43 | 46.43 | OK | |
| r-devel-linux-x86_64-fedora-clang | 0.4.0 | 100.72 | OK | |||
| r-devel-linux-x86_64-fedora-gcc | 0.4.0 | 113.31 | OK | |||
| r-devel-windows-x86_64 | 0.4.0 | 10.00 | 87.00 | 97.00 | ERROR | |
| r-patched-linux-x86_64 | 0.4.0 | 3.98 | 57.19 | 61.17 | OK | |
| r-release-linux-x86_64 | 0.4.0 | 3.40 | 57.27 | 60.67 | OK | |
| r-release-macos-arm64 | 0.4.0 | 42.00 | OK | |||
| r-release-macos-x86_64 | 0.4.0 | 65.00 | OK | |||
| r-release-windows-x86_64 | 0.4.0 | 12.00 | 89.00 | 101.00 | OK | |
| r-oldrel-macos-arm64 | 0.4.0 | 36.00 | OK | |||
| r-oldrel-macos-x86_64 | 0.4.0 | 65.00 | OK | |||
| r-oldrel-windows-x86_64 | 0.4.0 | 12.00 | 102.00 | 114.00 | OK | 
Version: 0.4.0
Check: tests
Result: ERROR
    Running 'test-all.R' [2s]
  Running the tests in 'tests/test-all.R' failed.
  Complete output:
    > library(testthat)
    > library(profvis)
    > 
    > test_check("profvis")
    [ FAIL 1 | WARN 0 | SKIP 7 | PASS 14 ]
    
    ══ Skipped tests (7) ═══════════════════════════════════════════════════════════
    • On CRAN (7): 'test-pause.R:16:3', 'test-profvis.R:2:3',
      'test-profvis.R:16:3', 'test-profvis.R:27:3', 'test-profvis.R:41:3',
      'test-profvis.R:52:3', 'test-profvis.R:56:3'
    
    ══ Failed tests ════════════════════════════════════════════════════════════════
    ── Failure ('test-pause.R:4:3'): pause takes expected time ─────────────────────
    abs(time - 0.2)/0.2 is not strictly less than 0.1. Difference: 3.61e-16
    
    [ FAIL 1 | WARN 0 | SKIP 7 | PASS 14 ]
    Error: Test failures
    Execution halted
Flavor: r-devel-windows-x86_64