CRAN Package Check Results for Package proj4

Last updated on 2025-01-19 05:49:17 CET.

Flavor Version Tinstall Tcheck Ttotal Status Flags
r-devel-linux-x86_64-debian-clang 1.0-14 5.49 18.76 24.25 NOTE
r-devel-linux-x86_64-debian-gcc 1.0-14 3.71 15.32 19.03 NOTE
r-devel-linux-x86_64-fedora-clang 1.0-14 39.80 NOTE
r-devel-linux-x86_64-fedora-gcc 1.0-14 39.03 NOTE
r-devel-windows-x86_64 1.0-14 15.00 2.00 17.00 ERROR
r-patched-linux-x86_64 1.0-14 3.88 17.48 21.36 OK
r-release-linux-x86_64 1.0-14 3.72 17.47 21.19 OK
r-release-macos-arm64 1.0-14 24.00 NOTE
r-release-macos-x86_64 1.0-14 33.00 NOTE
r-release-windows-x86_64 1.0-14 15.00 2.00 17.00 ERROR
r-oldrel-macos-arm64 1.0-14 27.00 NOTE
r-oldrel-macos-x86_64 1.0-14 48.00 NOTE
r-oldrel-windows-x86_64 1.0-14 23.00 169.00 192.00 NOTE

Check Details

Version: 1.0-14
Check: top-level files
Result: NOTE possible bashism in configure.ac line 120 (test -a/-o): if test x$use6 = xyes -a x${proj6api} = xno; then possible bashism in configure.ac line 126 (test -a/-o): if test x$use6 = xno -a x${proj4api} = xno; then Flavors: r-devel-linux-x86_64-debian-clang, r-devel-linux-x86_64-debian-gcc, r-devel-linux-x86_64-fedora-clang, r-devel-linux-x86_64-fedora-gcc

Version: 1.0-14
Check: whether package can be installed
Result: ERROR Installation failed. Flavors: r-devel-windows-x86_64, r-release-windows-x86_64

Version: 1.0-14
Check: installed package size
Result: NOTE installed size is 17.6Mb sub-directories of 1Mb or more: libs 17.5Mb Flavors: r-release-macos-arm64, r-release-macos-x86_64, r-oldrel-macos-arm64, r-oldrel-macos-x86_64, r-oldrel-windows-x86_64