Last updated on 2025-01-19 05:49:17 CET.
Flavor | Version | Tinstall | Tcheck | Ttotal | Status | Flags |
---|---|---|---|---|---|---|
r-devel-linux-x86_64-debian-clang | 2.1.3 | 5.98 | 46.97 | 52.95 | OK | |
r-devel-linux-x86_64-debian-gcc | 2.1.3 | 3.91 | 33.27 | 37.18 | OK | |
r-devel-linux-x86_64-fedora-clang | 2.1.3 | 85.44 | NOTE | |||
r-devel-linux-x86_64-fedora-gcc | 2.1.3 | 80.20 | NOTE | |||
r-devel-windows-x86_64 | 2.1.3 | 7.00 | 68.00 | 75.00 | OK | |
r-patched-linux-x86_64 | 2.1.3 | 6.04 | 43.96 | 50.00 | OK | |
r-release-linux-x86_64 | 2.1.3 | 5.86 | 43.91 | 49.77 | OK | |
r-release-macos-arm64 | 2.1.3 | 27.00 | OK | |||
r-release-macos-x86_64 | 2.1.3 | 65.00 | OK | |||
r-release-windows-x86_64 | 2.1.3 | 8.00 | 66.00 | 74.00 | OK | |
r-oldrel-macos-arm64 | 2.1.3 | 28.00 | OK | |||
r-oldrel-macos-x86_64 | 2.1.3 | 37.00 | OK | |||
r-oldrel-windows-x86_64 | 2.1.3 | 9.00 | 75.00 | 84.00 | OK |
Version: 2.1.3
Check: dependencies in R code
Result: NOTE
Namespace in Imports field not imported from: ‘methods’
All declared Imports should be used.
Flavors: r-devel-linux-x86_64-fedora-clang, r-devel-linux-x86_64-fedora-gcc