Last updated on 2024-04-21 13:55:42 CEST.
Flavor | Version | Tinstall | Tcheck | Ttotal | Status | Flags |
---|---|---|---|---|---|---|
r-devel-linux-x86_64-debian-clang | 2.1.3 | 7.53 | 59.40 | 66.93 | OK | |
r-devel-linux-x86_64-debian-gcc | 2.1.3 | 5.62 | 44.65 | 50.27 | OK | |
r-devel-linux-x86_64-fedora-clang | 2.1.3 | 84.74 | NOTE | |||
r-devel-linux-x86_64-fedora-gcc | 2.1.3 | 79.28 | NOTE | |||
r-prerel-macos-arm64 | 2.1.3 | 27.00 | OK | |||
r-prerel-windows-x86_64 | 2.1.3 | 8.00 | 67.00 | 75.00 | OK | |
r-patched-linux-x86_64 | 2.1.3 | 8.79 | 58.51 | 67.30 | OK | |
r-release-linux-x86_64 | 2.1.3 | 4.36 | 56.67 | 61.03 | OK | |
r-release-macos-arm64 | 2.1.3 | 28.00 | OK | |||
r-release-macos-x86_64 | 2.1.3 | 37.00 | OK | |||
r-release-windows-x86_64 | 2.1.3 | 9.00 | 75.00 | 84.00 | OK | |
r-oldrel-macos-arm64 | 2.1.3 | 31.00 | NOTE | |||
r-oldrel-windows-x86_64 | 2.1.3 | 10.00 | 81.00 | 91.00 | OK |
Version: 2.1.3
Check: dependencies in R code
Result: NOTE
Namespace in Imports field not imported from: ‘methods’
All declared Imports should be used.
Flavors: r-devel-linux-x86_64-fedora-clang, r-devel-linux-x86_64-fedora-gcc, r-oldrel-macos-arm64