CRAN Package Check Results for Package prophet

Last updated on 2020-07-10 12:48:36 CEST.

Flavor Version Tinstall Tcheck Ttotal Status Flags
r-devel-linux-x86_64-debian-clang 0.6.1 126.65 283.60 410.25 NOTE
r-devel-linux-x86_64-debian-gcc 0.6.1 123.53 234.61 358.14 NOTE
r-devel-linux-x86_64-fedora-clang 0.6.1 549.40 NOTE
r-devel-linux-x86_64-fedora-gcc 0.6.1 580.86 NOTE
r-devel-windows-ix86+x86_64 0.6.1 222.00 378.00 600.00 NOTE
r-patched-linux-x86_64 0.6.1 128.44 259.89 388.33 NOTE
r-patched-solaris-x86 0.6.1 289.70 NOTE --no-tests
r-release-linux-x86_64 0.6.1 0.02 3.27 3.29 ERROR
r-release-osx-x86_64 0.6.1 NOTE
r-release-windows-ix86+x86_64 0.6.1 251.00 342.00 593.00 NOTE
r-oldrel-osx-x86_64 0.6.1 NOTE
r-oldrel-windows-ix86+x86_64 0.6.1 264.00 6.00 270.00 ERROR

Check Details

Version: 0.6.1
Check: for GNU extensions in Makefiles
Result: NOTE
    GNU make is a SystemRequirements.
Flavors: r-devel-linux-x86_64-debian-clang, r-devel-linux-x86_64-debian-gcc, r-devel-linux-x86_64-fedora-clang, r-devel-linux-x86_64-fedora-gcc, r-devel-windows-ix86+x86_64, r-patched-linux-x86_64, r-release-osx-x86_64, r-release-windows-ix86+x86_64, r-oldrel-osx-x86_64

Version: 0.6.1
Check: installed package size
Result: NOTE
     installed size is 34.8Mb
     sub-directories of 1Mb or more:
     libs 34.1Mb
Flavors: r-devel-linux-x86_64-fedora-clang, r-release-osx-x86_64, r-oldrel-osx-x86_64

Version: 0.6.1
Check: dependencies in R code
Result: NOTE
    Namespaces in Imports field not imported from:
     ‘methods’ ‘rstantools’
     All declared Imports should be used.
Flavors: r-devel-linux-x86_64-fedora-clang, r-devel-linux-x86_64-fedora-gcc, r-release-osx-x86_64, r-oldrel-osx-x86_64

Version: 0.6.1
Flags: --no-tests
Check: dependencies in R code
Result: NOTE
    Namespaces in Imports field not imported from:
     ‘methods’ ‘rstantools’
     All declared Imports should be used.
Flavor: r-patched-solaris-x86

Version: 0.6.1
Flags: --no-tests
Check: for GNU extensions in Makefiles
Result: NOTE
    GNU make is a SystemRequirements.
Flavor: r-patched-solaris-x86

Version: 0.6.1
Check: whether package can be installed
Result: ERROR
    Installation failed.
Flavors: r-release-linux-x86_64, r-oldrel-windows-ix86+x86_64