CRAN Package Check Results for Package protolite

Last updated on 2025-01-19 05:49:17 CET.

Flavor Version Tinstall Tcheck Ttotal Status Flags
r-devel-linux-x86_64-debian-clang 2.3.1 42.50 27.45 69.95 OK
r-devel-linux-x86_64-debian-gcc 2.3.1 36.55 21.96 58.51 OK
r-devel-linux-x86_64-fedora-clang 2.3.1 139.85 OK
r-devel-linux-x86_64-fedora-gcc 2.3.1 154.00 OK
r-devel-windows-x86_64 2.3.1 55.00 84.00 139.00 OK
r-patched-linux-x86_64 2.3.1 46.59 25.96 72.55 OK
r-release-linux-x86_64 2.3.1 47.02 25.75 72.77 OK
r-release-macos-arm64 2.3.1 45.00 NOTE
r-release-macos-x86_64 2.3.1 71.00 NOTE
r-release-windows-x86_64 2.3.1 55.00 85.00 140.00 OK
r-oldrel-macos-arm64 2.3.1 49.00 NOTE
r-oldrel-macos-x86_64 2.3.1 68.00 NOTE
r-oldrel-windows-x86_64 2.3.1 58.00 92.00 150.00 OK

Check Details

Version: 2.3.1
Check: installed package size
Result: NOTE installed size is 22.1Mb sub-directories of 1Mb or more: libs 22.0Mb Flavors: r-release-macos-arm64, r-release-macos-x86_64, r-oldrel-macos-arm64, r-oldrel-macos-x86_64