CRAN Package Check Results for Package protti

Last updated on 2025-01-19 05:49:17 CET.

Flavor Version Tinstall Tcheck Ttotal Status Flags
r-devel-linux-x86_64-debian-clang 0.9.1 21.61 201.62 223.23 OK
r-devel-linux-x86_64-debian-gcc 0.9.1 12.93 131.07 144.00 OK
r-devel-linux-x86_64-fedora-clang 0.9.1 389.58 OK
r-devel-linux-x86_64-fedora-gcc 0.9.1 372.30 OK
r-devel-windows-x86_64 0.9.1 24.00 212.00 236.00 OK
r-patched-linux-x86_64 0.9.1 20.91 188.01 208.92 OK
r-release-linux-x86_64 0.9.1 20.28 185.11 205.39 OK
r-release-macos-arm64 0.9.1 101.00 OK
r-release-macos-x86_64 0.9.1 161.00 OK
r-release-windows-x86_64 0.9.1 20.00 210.00 230.00 OK
r-oldrel-macos-arm64 0.9.1 96.00 NOTE
r-oldrel-macos-x86_64 0.9.1 159.00 NOTE
r-oldrel-windows-x86_64 0.9.1 29.00 256.00 285.00 OK

Check Details

Version: 0.9.1
Check: package dependencies
Result: NOTE Package suggested but not available for checking: ‘proDA’ Flavors: r-oldrel-macos-arm64, r-oldrel-macos-x86_64