CRAN Package Check Results for Package proustr

Last updated on 2020-05-30 12:48:19 CEST.

Flavor Version Tinstall Tcheck Ttotal Status Flags
r-devel-linux-x86_64-debian-clang 0.4.0 6.94 52.09 59.03 OK
r-devel-linux-x86_64-debian-gcc 0.4.0 5.52 40.43 45.95 OK
r-devel-linux-x86_64-fedora-clang 0.4.0 72.39 NOTE
r-devel-linux-x86_64-fedora-gcc 0.4.0 70.27 NOTE
r-devel-windows-ix86+x86_64 0.4.0 19.00 124.00 143.00 OK
r-patched-linux-x86_64 0.4.0 6.68 50.95 57.63 OK
r-patched-solaris-x86 0.4.0 120.90 NOTE
r-release-linux-x86_64 0.4.0 6.52 51.25 57.77 OK
r-release-osx-x86_64 0.4.0 NOTE
r-release-windows-ix86+x86_64 0.4.0 16.00 147.00 163.00 OK
r-oldrel-osx-x86_64 0.4.0 NOTE
r-oldrel-windows-ix86+x86_64 0.4.0 17.00 74.00 91.00 OK

Check Details

Version: 0.4.0
Check: data for non-ASCII characters
Result: NOTE
     Note: found 12717 marked UTF-8 strings
Flavors: r-devel-linux-x86_64-fedora-clang, r-devel-linux-x86_64-fedora-gcc, r-patched-solaris-x86, r-release-osx-x86_64, r-oldrel-osx-x86_64