CRAN Package Check Results for Package proustr

Last updated on 2019-11-16 12:48:20 CET.

Flavor Version Tinstall Tcheck Ttotal Status Flags
r-devel-linux-x86_64-debian-clang 0.4.0 6.06 48.73 54.79 OK
r-devel-linux-x86_64-debian-gcc 0.4.0 5.83 38.11 43.94 OK
r-devel-linux-x86_64-fedora-clang 0.4.0 65.47 NOTE
r-devel-linux-x86_64-fedora-gcc 0.4.0 72.02 NOTE
r-devel-windows-ix86+x86_64 0.4.0 23.00 85.00 108.00 OK
r-patched-linux-x86_64 0.4.0 6.09 45.55 51.64 OK
r-patched-solaris-x86 0.4.0 112.70 NOTE
r-release-linux-x86_64 0.4.0 6.44 46.17 52.61 OK
r-release-windows-ix86+x86_64 0.4.0 10.00 88.00 98.00 OK
r-release-osx-x86_64 0.4.0 NOTE
r-oldrel-windows-ix86+x86_64 0.4.0 7.00 63.00 70.00 OK
r-oldrel-osx-x86_64 0.4.0 NOTE

Check Details

Version: 0.4.0
Check: data for non-ASCII characters
Result: NOTE
     Note: found 12717 marked UTF-8 strings
Flavors: r-devel-linux-x86_64-fedora-clang, r-devel-linux-x86_64-fedora-gcc, r-patched-solaris-x86, r-release-osx-x86_64, r-oldrel-osx-x86_64