CRAN Package Check Results for Package provDebugR

Last updated on 2025-01-19 05:49:17 CET.

Flavor Version Tinstall Tcheck Ttotal Status Flags
r-devel-linux-x86_64-debian-clang 1.0.1 2.81 47.29 50.10 OK
r-devel-linux-x86_64-debian-gcc 1.0.1 2.07 33.55 35.62 OK
r-devel-linux-x86_64-fedora-clang 1.0.1 86.97 OK
r-devel-linux-x86_64-fedora-gcc 1.0.1 93.58 OK
r-devel-windows-x86_64 1.0.1 5.00 75.00 80.00 OK
r-patched-linux-x86_64 1.0.1 3.60 44.03 47.63 NOTE
r-release-linux-x86_64 1.0.1 3.29 43.74 47.03 NOTE
r-release-macos-arm64 1.0.1 40.00 NOTE
r-release-macos-x86_64 1.0.1 52.00 NOTE
r-release-windows-x86_64 1.0.1 5.00 72.00 77.00 NOTE
r-oldrel-macos-arm64 1.0.1 35.00 NOTE
r-oldrel-macos-x86_64 1.0.1 50.00 NOTE
r-oldrel-windows-x86_64 1.0.1 6.00 76.00 82.00 NOTE

Check Details

Version: 1.0.1
Check: package dependencies
Result: NOTE Package suggested but not available for checking: ‘rdt’ Flavors: r-patched-linux-x86_64, r-release-linux-x86_64, r-release-macos-arm64, r-release-macos-x86_64, r-release-windows-x86_64, r-oldrel-macos-arm64, r-oldrel-macos-x86_64, r-oldrel-windows-x86_64