CRAN Package Check Results for Package provSummarizeR

Last updated on 2025-01-19 05:49:17 CET.

Flavor Version Tinstall Tcheck Ttotal Status Flags
r-devel-linux-x86_64-debian-clang 1.5.1 1.79 22.72 24.51 OK
r-devel-linux-x86_64-debian-gcc 1.5.1 1.60 18.21 19.81 OK
r-devel-linux-x86_64-fedora-clang 1.5.1 43.36 OK
r-devel-linux-x86_64-fedora-gcc 1.5.1 55.17 OK
r-devel-windows-x86_64 1.5.1 3.00 45.00 48.00 OK
r-patched-linux-x86_64 1.5.1 2.19 21.56 23.75 NOTE
r-release-linux-x86_64 1.5.1 2.09 21.63 23.72 NOTE
r-release-macos-arm64 1.5.1 84.00 NOTE
r-release-macos-x86_64 1.5.1 36.00 NOTE
r-release-windows-x86_64 1.5.1 4.00 46.00 50.00 NOTE
r-oldrel-macos-arm64 1.5.1 23.00 NOTE
r-oldrel-macos-x86_64 1.5.1 33.00 NOTE
r-oldrel-windows-x86_64 1.5.1 3.00 46.00 49.00 NOTE

Check Details

Version: 1.5.1
Check: package dependencies
Result: NOTE Package suggested but not available for checking: ‘rdt’ Flavors: r-patched-linux-x86_64, r-release-linux-x86_64, r-release-macos-arm64, r-release-macos-x86_64, r-release-windows-x86_64, r-oldrel-macos-arm64, r-oldrel-macos-x86_64, r-oldrel-windows-x86_64