CRAN Package Check Results for Package proxyC

Last updated on 2025-01-19 05:49:17 CET.

Flavor Version Tinstall Tcheck Ttotal Status Flags
r-devel-linux-x86_64-debian-clang 0.4.1 59.02 65.67 124.69 NOTE
r-devel-linux-x86_64-debian-gcc 0.4.1 45.40 48.42 93.82 NOTE
r-devel-linux-x86_64-fedora-clang 0.4.1 208.81 OK
r-devel-linux-x86_64-fedora-gcc 0.4.1 230.15 OK
r-devel-windows-x86_64 0.4.1 63.00 97.00 160.00 NOTE
r-patched-linux-x86_64 0.4.1 58.18 62.06 120.24 OK
r-release-linux-x86_64 0.4.1 64.43 61.44 125.87 OK
r-release-macos-arm64 0.4.1 74.00 OK
r-release-macos-x86_64 0.4.1 80.00 OK
r-release-windows-x86_64 0.4.1 64.00 98.00 162.00 OK
r-oldrel-macos-arm64 0.4.1 67.00 OK
r-oldrel-macos-x86_64 0.4.1 159.00 OK
r-oldrel-windows-x86_64 0.4.1 75.00 119.00 194.00 OK

Additional issues

noSuggests

Check Details

Version: 0.4.1
Check: Rd cross-references
Result: NOTE Found the following Rd file(s) with Rd \link{} targets missing package anchors: colSds.Rd: Matrix colZeros.Rd: Matrix simil.Rd: Matrix, CsparseMatrix-class Please provide package anchors for all Rd \link{} targets not in the package itself and the base packages. Flavors: r-devel-linux-x86_64-debian-clang, r-devel-linux-x86_64-debian-gcc, r-devel-windows-x86_64