Last updated on 2025-01-19 05:49:17 CET.
Flavor | Version | Tinstall | Tcheck | Ttotal | Status | Flags |
---|---|---|---|---|---|---|
r-devel-linux-x86_64-debian-clang | 1.1.0 | 1067.85 | 236.26 | 1304.11 | OK | |
r-devel-linux-x86_64-debian-gcc | 1.1.0 | 1080.42 | 253.38 | 1333.80 | OK | |
r-devel-linux-x86_64-fedora-clang | 1.1.0 | 1348.43 | NOTE | |||
r-devel-linux-x86_64-fedora-gcc | 1.1.0 | 3220.69 | NOTE | |||
r-devel-windows-x86_64 | 1.1.0 | 1048.00 | 315.00 | 1363.00 | OK | |
r-patched-linux-x86_64 | 1.1.0 | 1207.00 | 340.38 | 1547.38 | NOTE | |
r-release-linux-x86_64 | 1.1.0 | 1346.37 | 339.03 | 1685.40 | NOTE | |
r-release-macos-arm64 | 1.1.0 | 518.00 | NOTE | |||
r-release-macos-x86_64 | 1.1.0 | 541.00 | NOTE | |||
r-release-windows-x86_64 | 1.1.0 | 1055.00 | 316.00 | 1371.00 | NOTE | |
r-oldrel-macos-arm64 | 1.1.0 | 565.00 | NOTE | |||
r-oldrel-macos-x86_64 | 1.1.0 | 551.00 | NOTE | |||
r-oldrel-windows-x86_64 | 1.1.0 | 1397.00 | 404.00 | 1801.00 | NOTE |
Version: 1.1.0
Check: dependencies in R code
Result: NOTE
Namespaces in Imports field not imported from:
‘RcppParallel’ ‘rstantools’
All declared Imports should be used.
Flavors: r-devel-linux-x86_64-fedora-clang, r-devel-linux-x86_64-fedora-gcc
Version: 1.1.0
Check: for GNU extensions in Makefiles
Result: NOTE
GNU make is a SystemRequirements.
Flavors: r-patched-linux-x86_64, r-release-linux-x86_64, r-release-macos-arm64, r-release-macos-x86_64, r-release-windows-x86_64, r-oldrel-macos-arm64, r-oldrel-macos-x86_64, r-oldrel-windows-x86_64
Version: 1.1.0
Check: installed package size
Result: NOTE
installed size is 135.7Mb
sub-directories of 1Mb or more:
libs 135.2Mb
Flavors: r-release-macos-arm64, r-release-macos-x86_64, r-release-windows-x86_64, r-oldrel-macos-arm64, r-oldrel-macos-x86_64, r-oldrel-windows-x86_64