Last updated on 2025-01-19 05:49:17 CET.
Flavor | Version | Tinstall | Tcheck | Ttotal | Status | Flags |
---|---|---|---|---|---|---|
r-devel-linux-x86_64-debian-clang | 0.1.3 | 50.06 | 398.65 | 448.71 | OK | |
r-devel-linux-x86_64-debian-gcc | 0.1.3 | 33.88 | 282.46 | 316.34 | OK | |
r-devel-linux-x86_64-fedora-clang | 0.1.3 | 773.63 | OK | |||
r-devel-linux-x86_64-fedora-gcc | 0.1.3 | 744.41 | OK | |||
r-devel-windows-x86_64 | 0.1.3 | 49.00 | 316.00 | 365.00 | OK | |
r-patched-linux-x86_64 | 0.1.3 | 45.34 | 364.83 | 410.17 | OK | |
r-release-linux-x86_64 | 0.1.3 | 41.01 | 360.54 | 401.55 | OK | |
r-release-macos-arm64 | 0.1.3 | 180.00 | OK | |||
r-release-macos-x86_64 | 0.1.3 | 278.00 | OK | |||
r-release-windows-x86_64 | 0.1.3 | 47.00 | 337.00 | 384.00 | OK | |
r-oldrel-macos-arm64 | 0.1.3 | 17.00 | ERROR | |||
r-oldrel-macos-x86_64 | 0.1.3 | 11.00 | ERROR | |||
r-oldrel-windows-x86_64 | 0.1.3 | 46.00 | 419.00 | 465.00 | OK |
Version: 0.1.3
Check: package dependencies
Result: ERROR
Package required but not available: ‘GSVA’
See section ‘The DESCRIPTION file’ in the ‘Writing R Extensions’
manual.
Flavors: r-oldrel-macos-arm64, r-oldrel-macos-x86_64