Last updated on 2024-04-21 13:55:42 CEST.
Flavor | Version | Tinstall | Tcheck | Ttotal | Status | Flags |
---|---|---|---|---|---|---|
r-devel-linux-x86_64-debian-clang | 1.3.1 | 4.14 | 198.25 | 202.39 | NOTE | |
r-devel-linux-x86_64-debian-gcc | 1.3.1 | 3.73 | 136.53 | 140.26 | NOTE | |
r-devel-linux-x86_64-fedora-clang | 1.3.1 | 253.06 | NOTE | |||
r-devel-linux-x86_64-fedora-gcc | 1.3.1 | 250.15 | NOTE | |||
r-prerel-macos-arm64 | 1.3.1 | 64.00 | NOTE | |||
r-prerel-windows-x86_64 | 1.3.1 | 5.00 | 152.00 | 157.00 | NOTE | |
r-patched-linux-x86_64 | 1.3.1 | 5.73 | 192.86 | 198.59 | NOTE | |
r-release-linux-x86_64 | 1.3.1 | 4.89 | 190.95 | 195.84 | NOTE | |
r-release-macos-arm64 | 1.3.1 | 69.00 | NOTE | |||
r-release-macos-x86_64 | 1.3.1 | 150.00 | NOTE | |||
r-release-windows-x86_64 | 1.3.1 | 7.00 | 197.00 | 204.00 | NOTE | |
r-oldrel-macos-arm64 | 1.3.1 | 52.00 | NOTE | |||
r-oldrel-windows-x86_64 | 1.3.1 | 7.00 | 196.00 | 203.00 | NOTE |
Version: 1.3.1
Check: LazyData
Result: NOTE
'LazyData' is specified without a 'data' directory
Flavors: r-devel-linux-x86_64-debian-clang, r-devel-linux-x86_64-debian-gcc, r-devel-linux-x86_64-fedora-clang, r-devel-linux-x86_64-fedora-gcc, r-prerel-macos-arm64, r-prerel-windows-x86_64, r-patched-linux-x86_64, r-release-linux-x86_64, r-release-macos-arm64, r-release-macos-x86_64, r-release-windows-x86_64, r-oldrel-macos-arm64, r-oldrel-windows-x86_64