Last updated on 2025-01-19 05:49:17 CET.
Flavor | Version | Tinstall | Tcheck | Ttotal | Status | Flags |
---|---|---|---|---|---|---|
r-devel-linux-x86_64-debian-clang | 0.1.0 | 7.91 | 69.27 | 77.18 | NOTE | |
r-devel-linux-x86_64-debian-gcc | 0.1.0 | 4.94 | 46.28 | 51.22 | NOTE | |
r-devel-linux-x86_64-fedora-clang | 0.1.0 | 122.95 | OK | |||
r-devel-linux-x86_64-fedora-gcc | 0.1.0 | 108.72 | OK | |||
r-devel-windows-x86_64 | 0.1.0 | 10.00 | 0.00 | 10.00 | FAIL | |
r-patched-linux-x86_64 | 0.1.0 | 12.57 | 59.93 | 72.50 | OK | |
r-release-linux-x86_64 | 0.1.0 | 6.13 | 60.18 | 66.31 | OK | |
r-release-macos-arm64 | 0.1.0 | 34.00 | OK | |||
r-release-macos-x86_64 | 0.1.0 | 105.00 | OK | |||
r-release-windows-x86_64 | 0.1.0 | 11.00 | 75.00 | 86.00 | OK | |
r-oldrel-macos-arm64 | 0.1.0 | 34.00 | OK | |||
r-oldrel-macos-x86_64 | 0.1.0 | 48.00 | OK | |||
r-oldrel-windows-x86_64 | 0.1.0 | 11.00 | 85.00 | 96.00 | OK |
Version: 0.1.0
Check: Rd cross-references
Result: NOTE
Found the following Rd file(s) with Rd \link{} targets missing package
anchors:
plot.Rd: ggplot2
ps_aggregated.Rd: ggplot2
ps_detailed.Rd: ggplot2
Please provide package anchors for all Rd \link{} targets not in the
package itself and the base packages.
Flavors: r-devel-linux-x86_64-debian-clang, r-devel-linux-x86_64-debian-gcc, r-devel-windows-x86_64
Version: 0.1.0
Check: PDF version of manual
Result: FAIL
Check process probably crashed or hung up for 20 minutes ... killed
Most likely this happened in the example checks (?),
if not, ignore the following last lines of example output:
> nameEx("ps_detailed")
> ### * ps_detailed
>
> flush(stderr()); flush(stdout())
>
> ### Name: ps_detailed
> ### Title: Detailed Performance Spectrum
> ### Aliases: ps_detailed ps_detailed.log ps_detailed.grouped_log
>
> ### ** Examples
>
>
>
>
> ### * <FOOTER>
> ###
> cleanEx()
> options(digits = 7L)
> base::cat("Time elapsed: ", proc.time() - base::get("ptime", pos = 'CheckExEnv'),"\n")
Time elapsed: 3.54 0.48 4.03 NA NA
> grDevices::dev.off()
null device
1
> ###
> ### Local variables: ***
> ### mode: outline-minor ***
> ### outline-regexp: "\\(> \\)?### [*]+" ***
> ### End: ***
> quit('no')
======== End of example output (where/before crash/hang up occured ?) ========
Flavor: r-devel-windows-x86_64