CRAN Package Check Results for Package pstest

Last updated on 2025-01-19 05:49:17 CET.

Flavor Version Tinstall Tcheck Ttotal Status Flags
r-devel-linux-x86_64-debian-clang 0.1.3.900 2.29 22.81 25.10 OK
r-devel-linux-x86_64-debian-gcc 0.1.3.900 1.58 18.09 19.67 OK
r-devel-linux-x86_64-fedora-clang 0.1.3.900 41.13 OK
r-devel-linux-x86_64-fedora-gcc 0.1.3.900 40.53 OK
r-devel-windows-x86_64 0.1.3.900 4.00 44.00 48.00 OK
r-patched-linux-x86_64 0.1.3.900 2.59 22.00 24.59 NOTE
r-release-linux-x86_64 0.1.3.900 2.10 21.86 23.96 NOTE
r-release-macos-arm64 0.1.3.900 19.00 NOTE
r-release-macos-x86_64 0.1.3.900 31.00 NOTE
r-release-windows-x86_64 0.1.3.900 3.00 47.00 50.00 NOTE
r-oldrel-macos-arm64 0.1.3.900 18.00 NOTE
r-oldrel-macos-x86_64 0.1.3.900 23.00 NOTE
r-oldrel-windows-x86_64 0.1.3.900 4.00 45.00 49.00 NOTE

Check Details

Version: 0.1.3.900
Check: LazyData
Result: NOTE 'LazyData' is specified without a 'data' directory Flavors: r-patched-linux-x86_64, r-release-linux-x86_64, r-release-macos-arm64, r-release-macos-x86_64, r-release-windows-x86_64, r-oldrel-macos-arm64, r-oldrel-macos-x86_64, r-oldrel-windows-x86_64