Last updated on 2025-01-19 05:49:17 CET.
Flavor | Version | Tinstall | Tcheck | Ttotal | Status | Flags |
---|---|---|---|---|---|---|
r-devel-linux-x86_64-debian-clang | 0.13 | 616.71 | 181.77 | 798.48 | OK | |
r-devel-linux-x86_64-debian-gcc | 0.13 | 451.62 | 117.87 | 569.49 | OK | |
r-devel-linux-x86_64-fedora-clang | 0.13 | 1591.75 | OK | |||
r-devel-linux-x86_64-fedora-gcc | 0.13 | 1716.58 | OK | |||
r-devel-windows-x86_64 | 0.13 | 614.00 | 203.00 | 817.00 | OK | |
r-patched-linux-x86_64 | 0.13 | 611.78 | 166.00 | 777.78 | OK | |
r-release-linux-x86_64 | 0.13 | 631.74 | 166.50 | 798.24 | OK | |
r-release-macos-arm64 | 0.13 | 238.00 | NOTE | |||
r-release-macos-x86_64 | 0.13 | 333.00 | NOTE | |||
r-release-windows-x86_64 | 0.13 | 615.00 | 199.00 | 814.00 | OK | |
r-oldrel-macos-arm64 | 0.13 | 300.00 | NOTE | |||
r-oldrel-macos-x86_64 | 0.13 | 330.00 | NOTE | |||
r-oldrel-windows-x86_64 | 0.13 | 772.00 | 254.00 | 1026.00 | OK |
Version: 0.13
Check: installed package size
Result: NOTE
installed size is 28.4Mb
sub-directories of 1Mb or more:
libs 27.2Mb
Flavors: r-release-macos-arm64, r-release-macos-x86_64, r-oldrel-macos-arm64, r-oldrel-macos-x86_64