Last updated on 2024-04-25 18:49:37 CEST.
Flavor | Version | Tinstall | Tcheck | Ttotal | Status | Flags |
---|---|---|---|---|---|---|
r-devel-linux-x86_64-debian-clang | 0.0.3 | 2.82 | 20.72 | 23.54 | OK | |
r-devel-linux-x86_64-debian-gcc | 0.0.3 | 2.10 | 16.20 | 18.30 | OK | |
r-devel-linux-x86_64-fedora-clang | 0.0.3 | 29.33 | NOTE | |||
r-devel-linux-x86_64-fedora-gcc | 0.0.3 | 28.07 | NOTE | |||
r-devel-windows-x86_64 | 0.0.3 | 3.00 | 34.00 | 37.00 | OK | |
r-patched-linux-x86_64 | 0.0.3 | 2.63 | 19.84 | 22.47 | OK | |
r-release-linux-x86_64 | 0.0.3 | 2.99 | 20.11 | 23.10 | OK | |
r-release-macos-arm64 | 0.0.3 | 16.00 | OK | |||
r-release-windows-x86_64 | 0.0.3 | 3.00 | 34.00 | 37.00 | OK | |
r-oldrel-macos-arm64 | 0.0.3 | 15.00 | OK | |||
r-oldrel-macos-x86_64 | 0.0.3 | 21.00 | OK | |||
r-oldrel-windows-x86_64 | 0.0.3 | 3.00 | 34.00 | 37.00 | OK |
Version: 0.0.3
Check: data for non-ASCII characters
Result: NOTE
Note: found 28898 marked UTF-8 strings
Flavors: r-devel-linux-x86_64-fedora-clang, r-devel-linux-x86_64-fedora-gcc