CRAN Package Check Results for Package publipha

Last updated on 2025-01-19 05:49:17 CET.

Flavor Version Tinstall Tcheck Ttotal Status Flags
r-devel-linux-x86_64-debian-clang 0.1.2 305.26 126.77 432.03 NOTE
r-devel-linux-x86_64-debian-gcc 0.1.2 297.62 114.62 412.24 NOTE
r-devel-linux-x86_64-fedora-clang 0.1.2 706.40 NOTE
r-devel-linux-x86_64-fedora-gcc 0.1.2 980.98 NOTE
r-devel-windows-x86_64 0.1.2 313.00 161.00 474.00 NOTE
r-patched-linux-x86_64 0.1.2 305.02 151.34 456.36 NOTE
r-release-linux-x86_64 0.1.2 386.53 150.97 537.50 NOTE
r-release-macos-arm64 0.1.2 168.00 NOTE
r-release-macos-x86_64 0.1.2 297.00 NOTE
r-release-windows-x86_64 0.1.2 312.00 164.00 476.00 NOTE
r-oldrel-macos-arm64 0.1.2 173.00 NOTE
r-oldrel-macos-x86_64 0.1.2 277.00 NOTE
r-oldrel-windows-x86_64 0.1.2 401.00 199.00 600.00 OK

Check Details

Version: 0.1.2
Check: Rd files
Result: NOTE checkRd: (-1) ma.Rd:62: Lost braces 62 | \item{yi}{Numeric vector of length code{k} with observed effect size | ^ checkRd: (-1) ma.Rd:65: Lost braces 65 | \item{vi}{Numeric vector of length code{k} with sampling variances.} | ^ Flavors: r-devel-linux-x86_64-debian-clang, r-devel-linux-x86_64-debian-gcc, r-devel-linux-x86_64-fedora-clang, r-devel-linux-x86_64-fedora-gcc, r-devel-windows-x86_64, r-patched-linux-x86_64, r-release-linux-x86_64, r-release-macos-arm64, r-release-macos-x86_64, r-release-windows-x86_64

Version: 0.1.2
Check: installed package size
Result: NOTE installed size is 61.0Mb sub-directories of 1Mb or more: libs 60.6Mb Flavors: r-release-macos-arm64, r-release-macos-x86_64, r-oldrel-macos-arm64, r-oldrel-macos-x86_64

Version: 0.1.2
Check: for GNU extensions in Makefiles
Result: NOTE GNU make is a SystemRequirements. Flavors: r-release-macos-arm64, r-release-macos-x86_64, r-oldrel-macos-arm64, r-oldrel-macos-x86_64