CRAN Package Check Results for Package pubmedR

Last updated on 2025-01-19 05:49:17 CET.

Flavor Version Tinstall Tcheck Ttotal Status Flags
r-devel-linux-x86_64-debian-clang 0.0.3 2.39 27.78 30.17 OK
r-devel-linux-x86_64-debian-gcc 0.0.3 2.04 21.64 23.68 OK
r-devel-linux-x86_64-fedora-clang 0.0.3 50.92 OK
r-devel-linux-x86_64-fedora-gcc 0.0.3 61.08 OK
r-devel-windows-x86_64 0.0.3 5.00 49.00 54.00 OK
r-patched-linux-x86_64 0.0.3 2.83 26.97 29.80 NOTE
r-release-linux-x86_64 0.0.3 2.28 26.52 28.80 NOTE
r-release-macos-arm64 0.0.3 25.00 NOTE
r-release-macos-x86_64 0.0.3 38.00 NOTE
r-release-windows-x86_64 0.0.3 4.00 50.00 54.00 NOTE
r-oldrel-macos-arm64 0.0.3 24.00 NOTE
r-oldrel-macos-x86_64 0.0.3 37.00 NOTE
r-oldrel-windows-x86_64 0.0.3 5.00 50.00 55.00 NOTE

Check Details

Version: 0.0.3
Check: LazyData
Result: NOTE 'LazyData' is specified without a 'data' directory Flavors: r-patched-linux-x86_64, r-release-linux-x86_64, r-release-macos-arm64, r-release-macos-x86_64, r-release-windows-x86_64, r-oldrel-macos-arm64, r-oldrel-macos-x86_64, r-oldrel-windows-x86_64